{"id":146100,"date":"2025-09-26T11:32:14","date_gmt":"2025-09-26T11:31:00","guid":{"rendered":"https:\/\/immopascual.com\/propiedad\/vivienda-de-obra-nueva-para-entrega-en-septiembre-de-2026\/"},"modified":"2026-03-18T07:42:00","modified_gmt":"2026-03-18T07:42:00","slug":"habitatge-de-nova-construccio-per-a-lliurament-a-setembre-de-2026","status":"publish","type":"property","link":"https:\/\/immopascual.com\/ca\/propiedad\/habitatge-de-nova-construccio-per-a-lliurament-a-setembre-de-2026\/","title":{"rendered":"Habitatge de nova construcci\u00f3 per a lliurament a setembre de 2026"},"content":{"rendered":"<p>A Cala Millor, molt a prop de la platja en una zona consolidada, us oferim la possibilitat de trobar la vostra futura llar. La planta baixa, que estar\u00e0 acabada al quart trimestre de l&#8217;any que ve, us oferir\u00e0 un habitatge d&#8217;uns 96 m2 constru\u00efts m\u00e9s un porxo de 14 m2 per poder sopar a la fresca i unes terrasses descobertes d&#8217;uns 68 m2, aix\u00ed com un petit jard\u00ed de la mateixa superf\u00edcie. \u00c9s un habitatge de 3 habitacions i dos banys amb una pla\u00e7a d&#8217;aparcament i un traster a soterrani. Si una pla\u00e7a no us n&#8217;hi ha prou, tindreu la possibilitat d&#8217;adquirir-ne una altra per un preu d&#8217;uns 25.000 euros. La finca disposa d&#8217;un descalcificador comunitari, ascensors a totes les plantes. Als exteriors, tenim jardins comunitaris i piscina desbordant. L&#8217;habitatge est\u00e0 constru\u00eft amb les millors qualitats i us ofereix: Cuina preparada per a la instal\u00b7laci\u00f3 d&#8217;electrodom\u00e8stics (rentavaixelles, rentadora, pica), Terres de gres porcel\u00b7l\u00e0nic a tota l&#8217;habitatge, Fusteria interior laquejada amb ferratges d&#8217;acer, Armaris encastats folrats, Finestres amb vidres Climalit i persianes el\u00e8ctriques, Sistema de climatitzaci\u00f3 i calefacci\u00f3 per aerot\u00e8rmia (s\u00f2l radiant + conductes), Banys amb plat de dutxa de resina, aixetes monocomandament, lavabos amb moble i sanitaris suspesos, Videoporter, preses de TV i tel\u00e8fon al sal\u00f3 i dormitori. Tingueu en compte que aix\u00f2 \u00e9s un projecte, ja iniciat per\u00f2 que no es pot visitar fins que estigui acabat. Si voleu decidir quin habitatge us conv\u00e9, podem concertar una visita per parlar-ne i us mostrarem les qualitats i els diferents models d&#8217;habitatge. No dubteu a contactar-nos.<\/p>\n","protected":false},"excerpt":{"rendered":"<p>A Cala Millor, molt a prop de la platja en una zona consolidada, us oferim la possibilitat de trobar la vostra futura llar. La planta baixa, que estar\u00e0 acabada al quart trimestre de l&#8217;any que ve, us oferir\u00e0 un habitatge d&#8217;uns 96 m2 constru\u00efts m\u00e9s un porxo de 14 m2 per poder sopar a la [&hellip;]<\/p>\n","protected":false},"author":1,"featured_media":146040,"parent":0,"menu_order":0,"template":"","property_type":[135],"property_status":[136,50],"property_feature":[],"property_label":[],"property_state":[137],"property_city":[516,518],"property_area":[519],"class_list":["post-146100","property","type-property","status-publish","has-post-thumbnail","hentry","property_type-piso-ca","property_status-venta-ca","property_status-venta","property_state-mallorca-ca","property_city-sa-coma","property_city-sa-coma-ca","property_area-sa-coma-ca"],"acf":[],"aioseo_notices":[],"property_meta":{"fave_property_id":["A1475"],"fave_property_price":["506000.00"],"fave_property_bedrooms":["3"],"fave_property_bathrooms":["2"],"fave_property_size":["110"],"fave_property_land":["0"],"fave_property_year":["2026"],"fave_video_url":["https:\/\/players.brightcove.net\/90843144001\/SJNAcllVe_default\/index.html?videoId=6375674360112"],"fave_property_images":["146040","146045","146050","146055","146060","146065","146070","146075","146080","146085","146090","146095"],"_icl_lang_duplicate_of":["146039"],"_thumbnail_id":["146040"],"_wpml_word_count":["281"],"houzez_total_property_views":["323"],"houzez_views_by_date":["a:61:{s:10:\"12-27-2025\";i:1;s:10:\"12-28-2025\";i:1;s:10:\"12-29-2025\";i:1;s:10:\"12-30-2025\";i:2;s:10:\"12-31-2025\";i:1;s:10:\"01-02-2026\";i:3;s:10:\"01-03-2026\";i:2;s:10:\"01-04-2026\";i:1;s:10:\"01-05-2026\";i:2;s:10:\"01-08-2026\";i:2;s:10:\"01-12-2026\";i:1;s:10:\"01-14-2026\";i:3;s:10:\"01-17-2026\";i:2;s:10:\"01-18-2026\";i:1;s:10:\"01-19-2026\";i:2;s:10:\"01-25-2026\";i:1;s:10:\"01-26-2026\";i:1;s:10:\"01-29-2026\";i:1;s:10:\"01-30-2026\";i:2;s:10:\"01-31-2026\";i:1;s:10:\"02-01-2026\";i:1;s:10:\"02-03-2026\";i:2;s:10:\"02-04-2026\";i:3;s:10:\"02-06-2026\";i:2;s:10:\"02-09-2026\";i:2;s:10:\"02-12-2026\";i:3;s:10:\"02-17-2026\";i:1;s:10:\"02-18-2026\";i:3;s:10:\"02-22-2026\";i:1;s:10:\"02-23-2026\";i:1;s:10:\"02-24-2026\";i:2;s:10:\"02-25-2026\";i:2;s:10:\"02-26-2026\";i:1;s:10:\"02-27-2026\";i:1;s:10:\"03-02-2026\";i:1;s:10:\"03-03-2026\";i:1;s:10:\"03-04-2026\";i:1;s:10:\"03-09-2026\";i:1;s:10:\"03-10-2026\";i:1;s:10:\"03-11-2026\";i:1;s:10:\"03-15-2026\";i:2;s:10:\"03-16-2026\";i:1;s:10:\"03-17-2026\";i:1;s:10:\"03-19-2026\";i:1;s:10:\"03-22-2026\";i:1;s:10:\"03-23-2026\";i:3;s:10:\"03-28-2026\";i:1;s:10:\"04-03-2026\";i:1;s:10:\"04-04-2026\";i:1;s:10:\"04-06-2026\";i:2;s:10:\"04-07-2026\";i:1;s:10:\"04-10-2026\";i:3;s:10:\"04-12-2026\";i:2;s:10:\"04-13-2026\";i:1;s:10:\"04-16-2026\";i:3;s:10:\"04-17-2026\";i:1;s:10:\"04-18-2026\";i:1;s:10:\"04-19-2026\";i:1;s:10:\"04-24-2026\";i:1;s:10:\"04-25-2026\";i:2;s:10:\"04-26-2026\";i:1;}"],"houzez_recently_viewed":["2026-04-26 17:10:42"],"lastUpdate":["2026-03-09T10:42:29.470"],"fave_featured":["0"]},"_links":{"self":[{"href":"https:\/\/immopascual.com\/ca\/wp-json\/wp\/v2\/properties\/146100","targetHints":{"allow":["GET"]}}],"collection":[{"href":"https:\/\/immopascual.com\/ca\/wp-json\/wp\/v2\/properties"}],"about":[{"href":"https:\/\/immopascual.com\/ca\/wp-json\/wp\/v2\/types\/property"}],"author":[{"embeddable":true,"href":"https:\/\/immopascual.com\/ca\/wp-json\/wp\/v2\/users\/1"}],"version-history":[{"count":1,"href":"https:\/\/immopascual.com\/ca\/wp-json\/wp\/v2\/properties\/146100\/revisions"}],"predecessor-version":[{"id":146101,"href":"https:\/\/immopascual.com\/ca\/wp-json\/wp\/v2\/properties\/146100\/revisions\/146101"}],"wp:featuredmedia":[{"embeddable":true,"href":"https:\/\/immopascual.com\/ca\/wp-json\/wp\/v2\/media\/146040"}],"wp:attachment":[{"href":"https:\/\/immopascual.com\/ca\/wp-json\/wp\/v2\/media?parent=146100"}],"wp:term":[{"taxonomy":"property_type","embeddable":true,"href":"https:\/\/immopascual.com\/ca\/wp-json\/wp\/v2\/property_type?post=146100"},{"taxonomy":"property_status","embeddable":true,"href":"https:\/\/immopascual.com\/ca\/wp-json\/wp\/v2\/property_status?post=146100"},{"taxonomy":"property_feature","embeddable":true,"href":"https:\/\/immopascual.com\/ca\/wp-json\/wp\/v2\/property_feature?post=146100"},{"taxonomy":"property_label","embeddable":true,"href":"https:\/\/immopascual.com\/ca\/wp-json\/wp\/v2\/property_label?post=146100"},{"taxonomy":"property_state","embeddable":true,"href":"https:\/\/immopascual.com\/ca\/wp-json\/wp\/v2\/property_state?post=146100"},{"taxonomy":"property_city","embeddable":true,"href":"https:\/\/immopascual.com\/ca\/wp-json\/wp\/v2\/property_city?post=146100"},{"taxonomy":"property_area","embeddable":true,"href":"https:\/\/immopascual.com\/ca\/wp-json\/wp\/v2\/property_area?post=146100"}],"curies":[{"name":"wp","href":"https:\/\/api.w.org\/{rel}","templated":true}]}}

Habitatge de nova construcció per a lliurament a setembre de 2026

<p>A Cala Millor, molt a prop de la platja en una zona consolidada, us oferim la possibilitat de trobar la vostra futura llar. La planta baixa, que estarà acabada al quart trimestre de l&#8217;any que ve, us oferirà un habitatge d&#8217;uns 96 m2 construïts més un porxo de 14 m2 per poder sopar a la fresca i unes terrasses descobertes d&#8217;uns 68 m2, així com un petit jardí de la mateixa superfície. És un habitatge de 3 habitacions i dos banys amb una plaça d&#8217;aparcament i un traster a soterrani. Si una plaça no us n&#8217;hi ha prou, tindreu la possibilitat d&#8217;adquirir-ne una altra per un preu d&#8217;uns 25.000 euros. La finca disposa d&#8217;un descalcificador comunitari, ascensors a totes les plantes. Als exteriors, tenim jardins comunitaris i piscina desbordant. L&#8217;habitatge està construït amb les millors qualitats i us ofereix: Cuina preparada per a la instal·lació d&#8217;electrodomèstics (rentavaixelles, rentadora, pica), Terres de gres porcel·lànic a tota l&#8217;habitatge, Fusteria interior laquejada amb ferratges d&#8217;acer, Armaris encastats folrats, Finestres amb vidres Climalit i persianes elèctriques, Sistema de climatització i calefacció per aerotèrmia (sòl radiant + conductes), Banys amb plat de dutxa de resina, aixetes monocomandament, lavabos amb moble i sanitaris suspesos, Videoporter, preses de TV i telèfon al saló i dormitori. Tingueu en compte que això és un projecte, ja iniciat però que no es pot visitar fins que estigui acabat. Si voleu decidir quin habitatge us convé, podem concertar una visita per parlar-ne i us mostrarem les qualitats i els diferents models d&#8217;habitatge. No dubteu a contactar-nos.</p>

<p>A Cala Millor, molt a prop de la platja en una zona consolidada, us oferim la possibilitat de trobar la vostra futura llar. La planta baixa, que estarà acabada al quart trimestre de l&#8217;any que ve, us oferirà un habitatge d&#8217;uns 96 m2 construïts més un porxo de 14 m2 per poder sopar a la [&hellip;]</p>
