{"id":147500,"date":"2025-10-09T11:58:59","date_gmt":"2025-10-09T11:56:57","guid":{"rendered":"https:\/\/immopascual.com\/propiedad\/finca-con-proyecto-en-sa-marineta\/"},"modified":"2026-03-18T07:41:58","modified_gmt":"2026-03-18T07:41:58","slug":"finca-amb-projecte-a-sa-marineta","status":"publish","type":"property","link":"https:\/\/immopascual.com\/ca\/propiedad\/finca-amb-projecte-a-sa-marineta\/","title":{"rendered":"Finca amb projecte a Sa Marineta"},"content":{"rendered":"<p>A la tranquil\u00b7la zona de Sa Marineta, entre porto cristo i Manacor, amb molt bona comunicaci\u00f3 tenim aquest projecte en una finca de 14700 m2.<br \/>\n\u00c9S NOM\u00c9S UN PROJECTE B\u00c0SIC<br \/>\nEl projecte us ofereix a la planta baixa un sal\u00f3 menjador amb cuina oberta d&#8217;una superf\u00edcie total de 62 m2, dues habitacions de 13 i 16 m2, dos banys un en suite i un vestidor.<br \/>\nA la primera planta tenim una habitaci\u00f3 en suite amb vestidor i bany. La gran terrassa t\u00e9 vistes al mar.<br \/>\nLa finca t\u00e9 llum i pou, al jard\u00ed tindrem una piscina de 35 m2 d&#8217;irrorar d&#8217;aigua, un porxo d&#8217;uns 29 m2.<br \/>\nNo cal esperar m\u00e9s. Ho parlem??<\/p>\n<p> La nostra immobili\u00e0ria est\u00e0 inscrita en el registre professional ROAIIB amb el n\u00famero GOIBE787033\/2024. Contactar amb un agent inscrit al ROAIIB us garanteix treballar amb un professional de confian\u00e7a.<\/p>\n","protected":false},"excerpt":{"rendered":"<p>A la tranquil\u00b7la zona de Sa Marineta, entre porto cristo i Manacor, amb molt bona comunicaci\u00f3 tenim aquest projecte en una finca de 14700 m2. \u00c9S NOM\u00c9S UN PROJECTE B\u00c0SIC El projecte us ofereix a la planta baixa un sal\u00f3 menjador amb cuina oberta d&#8217;una superf\u00edcie total de 62 m2, dues habitacions de 13 i [&hellip;]<\/p>\n","protected":false},"author":1,"featured_media":147420,"parent":0,"menu_order":0,"template":"","property_type":[183],"property_status":[136,50],"property_feature":[],"property_label":[],"property_state":[137],"property_city":[705,707],"property_area":[708],"class_list":["post-147500","property","type-property","status-publish","has-post-thumbnail","hentry","property_type-finca-ca","property_status-venta-ca","property_status-venta","property_state-mallorca-ca","property_city-sa-marineta","property_city-sa-marineta-ca","property_area-sa-marineta-ca"],"acf":[],"aioseo_notices":[],"property_meta":{"fave_property_id":["T1465"],"fave_property_price":["390000.00"],"fave_property_bedrooms":["0"],"fave_property_bathrooms":["0"],"fave_property_size":["249"],"fave_property_land":["14700"],"fave_property_year":[""],"fave_video_url":["https:\/\/players.brightcove.net\/90843144001\/SJNAcllVe_default\/index.html?videoId=6372695826112"],"fave_property_images":["147420","147425","147430","147435","147440","147445","147450","147455","147460","147465","147470","147475","147480","147485","147490","147495","147508","147513","148763","148768","148773","148778","148783","148788","148793"],"fave_featured":["1"],"_icl_lang_duplicate_of":["147419"],"_thumbnail_id":["147420"],"_wpml_word_count":["132"],"houzez_total_property_views":["254"],"houzez_views_by_date":["a:61:{s:10:\"01-14-2026\";i:2;s:10:\"01-15-2026\";i:2;s:10:\"01-17-2026\";i:1;s:10:\"01-18-2026\";i:1;s:10:\"01-20-2026\";i:2;s:10:\"01-25-2026\";i:2;s:10:\"01-28-2026\";i:1;s:10:\"01-30-2026\";i:2;s:10:\"02-01-2026\";i:1;s:10:\"02-03-2026\";i:1;s:10:\"02-04-2026\";i:3;s:10:\"02-05-2026\";i:1;s:10:\"02-06-2026\";i:1;s:10:\"02-08-2026\";i:1;s:10:\"02-09-2026\";i:1;s:10:\"02-10-2026\";i:2;s:10:\"02-11-2026\";i:2;s:10:\"02-12-2026\";i:2;s:10:\"02-15-2026\";i:2;s:10:\"02-17-2026\";i:1;s:10:\"02-18-2026\";i:3;s:10:\"02-19-2026\";i:1;s:10:\"02-22-2026\";i:1;s:10:\"02-23-2026\";i:2;s:10:\"02-24-2026\";i:1;s:10:\"02-25-2026\";i:2;s:10:\"02-27-2026\";i:1;s:10:\"02-28-2026\";i:1;s:10:\"03-01-2026\";i:1;s:10:\"03-04-2026\";i:1;s:10:\"03-10-2026\";i:2;s:10:\"03-11-2026\";i:1;s:10:\"03-12-2026\";i:1;s:10:\"03-13-2026\";i:1;s:10:\"03-14-2026\";i:2;s:10:\"03-16-2026\";i:1;s:10:\"03-17-2026\";i:1;s:10:\"03-18-2026\";i:1;s:10:\"03-19-2026\";i:2;s:10:\"03-20-2026\";i:1;s:10:\"03-22-2026\";i:1;s:10:\"03-24-2026\";i:4;s:10:\"03-25-2026\";i:1;s:10:\"03-26-2026\";i:1;s:10:\"03-29-2026\";i:1;s:10:\"03-31-2026\";i:1;s:10:\"04-03-2026\";i:1;s:10:\"04-06-2026\";i:4;s:10:\"04-11-2026\";i:1;s:10:\"04-12-2026\";i:1;s:10:\"04-14-2026\";i:1;s:10:\"04-16-2026\";i:1;s:10:\"04-17-2026\";i:1;s:10:\"04-19-2026\";i:1;s:10:\"04-20-2026\";i:1;s:10:\"04-21-2026\";i:1;s:10:\"04-26-2026\";i:2;s:10:\"04-28-2026\";i:1;s:10:\"04-29-2026\";i:1;s:10:\"05-01-2026\";i:2;s:10:\"05-02-2026\";i:1;}"],"houzez_recently_viewed":["2026-05-02 08:56:35"],"lastUpdate":["2026-03-09T10:47:37.470"]},"_links":{"self":[{"href":"https:\/\/immopascual.com\/ca\/wp-json\/wp\/v2\/properties\/147500","targetHints":{"allow":["GET"]}}],"collection":[{"href":"https:\/\/immopascual.com\/ca\/wp-json\/wp\/v2\/properties"}],"about":[{"href":"https:\/\/immopascual.com\/ca\/wp-json\/wp\/v2\/types\/property"}],"author":[{"embeddable":true,"href":"https:\/\/immopascual.com\/ca\/wp-json\/wp\/v2\/users\/1"}],"version-history":[{"count":1,"href":"https:\/\/immopascual.com\/ca\/wp-json\/wp\/v2\/properties\/147500\/revisions"}],"predecessor-version":[{"id":147501,"href":"https:\/\/immopascual.com\/ca\/wp-json\/wp\/v2\/properties\/147500\/revisions\/147501"}],"wp:featuredmedia":[{"embeddable":true,"href":"https:\/\/immopascual.com\/ca\/wp-json\/wp\/v2\/media\/147420"}],"wp:attachment":[{"href":"https:\/\/immopascual.com\/ca\/wp-json\/wp\/v2\/media?parent=147500"}],"wp:term":[{"taxonomy":"property_type","embeddable":true,"href":"https:\/\/immopascual.com\/ca\/wp-json\/wp\/v2\/property_type?post=147500"},{"taxonomy":"property_status","embeddable":true,"href":"https:\/\/immopascual.com\/ca\/wp-json\/wp\/v2\/property_status?post=147500"},{"taxonomy":"property_feature","embeddable":true,"href":"https:\/\/immopascual.com\/ca\/wp-json\/wp\/v2\/property_feature?post=147500"},{"taxonomy":"property_label","embeddable":true,"href":"https:\/\/immopascual.com\/ca\/wp-json\/wp\/v2\/property_label?post=147500"},{"taxonomy":"property_state","embeddable":true,"href":"https:\/\/immopascual.com\/ca\/wp-json\/wp\/v2\/property_state?post=147500"},{"taxonomy":"property_city","embeddable":true,"href":"https:\/\/immopascual.com\/ca\/wp-json\/wp\/v2\/property_city?post=147500"},{"taxonomy":"property_area","embeddable":true,"href":"https:\/\/immopascual.com\/ca\/wp-json\/wp\/v2\/property_area?post=147500"}],"curies":[{"name":"wp","href":"https:\/\/api.w.org\/{rel}","templated":true}]}}

<p>A la tranquil·la zona de Sa Marineta, entre porto cristo i Manacor, amb molt bona comunicació tenim aquest projecte en una finca de 14700 m2.<br />
ÉS NOMÉS UN PROJECTE BÀSIC<br />
El projecte us ofereix a la planta baixa un saló menjador amb cuina oberta d&#8217;una superfície total de 62 m2, dues habitacions de 13 i 16 m2, dos banys un en suite i un vestidor.<br />
A la primera planta tenim una habitació en suite amb vestidor i bany. La gran terrassa té vistes al mar.<br />
La finca té llum i pou, al jardí tindrem una piscina de 35 m2 d&#8217;irrorar d&#8217;aigua, un porxo d&#8217;uns 29 m2.<br />
No cal esperar més. Ho parlem??</p>
<p> La nostra immobiliària està inscrita en el registre professional ROAIIB amb el número GOIBE787033/2024. Contactar amb un agent inscrit al ROAIIB us garanteix treballar amb un professional de confiança.</p>

<p>A la tranquil·la zona de Sa Marineta, entre porto cristo i Manacor, amb molt bona comunicació tenim aquest projecte en una finca de 14700 m2. ÉS NOMÉS UN PROJECTE BÀSIC El projecte us ofereix a la planta baixa un saló menjador amb cuina oberta d&#8217;una superfície total de 62 m2, dues habitacions de 13 i [&hellip;]</p>
