{"id":157032,"date":"2026-08-10T08:15:56","date_gmt":"2026-08-10T08:15:00","guid":{"rendered":"https:\/\/immopascual.com\/propiedad\/chalet-en-venta-en-son-baulo\/"},"modified":"2026-08-10T08:15:56","modified_gmt":"2026-08-10T08:15:56","slug":"xalet-en-venda-en-son-baulo","status":"publish","type":"property","link":"https:\/\/immopascual.com\/ca\/propiedad\/xalet-en-venda-en-son-baulo\/","title":{"rendered":"Xalet en venda en Son Baulo"},"content":{"rendered":"<p>En un solar de m\u00e9s de 900 m2, trobem una casa unifamiliar d&#8217;uns 200 m2, en bon estat. A la planta baixa tenim: entrada, bany, amplia sala menjador amb llar de foc i acc\u00e9s a terrassa, cuina, office, garatge i ampli porxo amb acc\u00e9s al jard\u00ed. En aquest mateix jard\u00ed, ple d&#8217;arbres, trobem una casa de convidats, amb bany, cuina oberta i un espai molt ampli, d&#8217;uns 100 m2, amb llar de foc on i trobam diferents ambients. A la primera planta de la casa principal, tenim tres habitacions i dos banys. La casa necessita modernitzar, encara que est\u00e0 en bon estat. T\u00e9 calefacci\u00f3 i aire condicionat en alguns llocs, obertura autom\u00e0tica de la porta del garatge, alarma i tamb\u00e9 ofereix la possibilitat de fer una piscina.<\/p>\n","protected":false},"excerpt":{"rendered":"<p>En un solar de m\u00e9s de 900 m2, trobem una casa unifamiliar d&#8217;uns 200 m2, en bon estat. A la planta baixa tenim: entrada, bany, amplia sala menjador amb llar de foc i acc\u00e9s a terrassa, cuina, office, garatge i ampli porxo amb acc\u00e9s al jard\u00ed. En aquest mateix jard\u00ed, ple d&#8217;arbres, trobem una casa [&hellip;]<\/p>\n","protected":false},"author":1,"featured_media":157022,"parent":0,"menu_order":0,"template":"","property_type":[183],"property_status":[136],"property_feature":[],"property_label":[],"property_state":[137],"property_city":[385],"property_area":[200],"class_list":["post-157032","property","type-property","status-publish","has-post-thumbnail","hentry","property_type-finca-ca","property_status-venta-ca","property_state-mallorca-ca","property_city-can-picafort-ca","property_area-can-picafort-ca"],"acf":[],"aioseo_notices":[],"aioseo_head":"\n\t\t<!-- All in One SEO 5.0.0.1 - aioseo.com -->\n\t<meta name=\"description\" content=\"En un solar de m\u00e9s de 900 m2, trobem una casa unifamiliar d&#039;uns 200 m2, en bon estat. A la planta baixa tenim: entrada, bany, amplia sala menjador amb llar de foc i acc\u00e9s a terrassa, cuina, office, garatge i ampli porxo amb acc\u00e9s al jard\u00ed. En aquest mateix jard\u00ed, ple d&#039;arbres, trobem una casa\" \/>\n\t<meta name=\"robots\" content=\"max-image-preview:large\" \/>\n\t<meta name=\"author\" content=\"Immopascual\"\/>\n\t<link rel=\"canonical\" href=\"https:\/\/immopascual.com\/ca\/propiedad\/xalet-en-venda-en-son-baulo\/\" \/>\n\t<meta name=\"generator\" content=\"All in One SEO (AIOSEO) 5.0.0.1\" \/>\n\t\t<meta property=\"og:locale\" content=\"ca_ES\" \/>\n\t\t<meta property=\"og:site_name\" content=\"Immopascual - Inmobiliaria Pascual Associats\" \/>\n\t\t<meta property=\"og:type\" content=\"article\" \/>\n\t\t<meta property=\"og:title\" content=\"Xalet en venda en Son Baulo - Immopascual\" \/>\n\t\t<meta property=\"og:description\" content=\"En un solar de m\u00e9s de 900 m2, trobem una casa unifamiliar d&#039;uns 200 m2, en bon estat. A la planta baixa tenim: entrada, bany, amplia sala menjador amb llar de foc i acc\u00e9s a terrassa, cuina, office, garatge i ampli porxo amb acc\u00e9s al jard\u00ed. En aquest mateix jard\u00ed, ple d&#039;arbres, trobem una casa\" \/>\n\t\t<meta property=\"og:url\" content=\"https:\/\/immopascual.com\/ca\/propiedad\/xalet-en-venda-en-son-baulo\/\" \/>\n\t\t<meta property=\"article:published_time\" content=\"2026-08-10T08:15:00+00:00\" \/>\n\t\t<meta property=\"article:modified_time\" content=\"2026-08-10T08:15:56+00:00\" \/>\n\t\t<meta name=\"twitter:card\" content=\"summary\" \/>\n\t\t<meta name=\"twitter:title\" content=\"Xalet en venda en Son Baulo - Immopascual\" \/>\n\t\t<meta name=\"twitter:description\" content=\"En un solar de m\u00e9s de 900 m2, trobem una casa unifamiliar d&#039;uns 200 m2, en bon estat. A la planta baixa tenim: entrada, bany, amplia sala menjador amb llar de foc i acc\u00e9s a terrassa, cuina, office, garatge i ampli porxo amb acc\u00e9s al jard\u00ed. En aquest mateix jard\u00ed, ple d&#039;arbres, trobem una casa\" \/>\n\t\t<!-- All in One SEO -->\n\n","aioseo_head_json":{"title":"Xalet en venda en Son Baulo - Immopascual","description":"En un solar de m\u00e9s de 900 m2, trobem una casa unifamiliar d'uns 200 m2, en bon estat. A la planta baixa tenim: entrada, bany, amplia sala menjador amb llar de foc i acc\u00e9s a terrassa, cuina, office, garatge i ampli porxo amb acc\u00e9s al jard\u00ed. En aquest mateix jard\u00ed, ple d'arbres, trobem una casa","canonical_url":"https:\/\/immopascual.com\/ca\/propiedad\/xalet-en-venda-en-son-baulo\/","robots":"max-image-preview:large","keywords":"","webmasterTools":{"miscellaneous":""},"schema":null,"og:locale":"ca_ES","og:site_name":"Immopascual - Inmobiliaria Pascual Associats","og:type":"article","og:title":"Xalet en venda en Son Baulo - Immopascual","og:description":"En un solar de m\u00e9s de 900 m2, trobem una casa unifamiliar d'uns 200 m2, en bon estat. A la planta baixa tenim: entrada, bany, amplia sala menjador amb llar de foc i acc\u00e9s a terrassa, cuina, office, garatge i ampli porxo amb acc\u00e9s al jard\u00ed. En aquest mateix jard\u00ed, ple d'arbres, trobem una casa","og:url":"https:\/\/immopascual.com\/ca\/propiedad\/xalet-en-venda-en-son-baulo\/","article:published_time":"2026-08-10T08:15:00+00:00","article:modified_time":"2026-08-10T08:15:56+00:00","twitter:card":"summary","twitter:title":"Xalet en venda en Son Baulo - Immopascual","twitter:description":"En un solar de m\u00e9s de 900 m2, trobem una casa unifamiliar d'uns 200 m2, en bon estat. A la planta baixa tenim: entrada, bany, amplia sala menjador amb llar de foc i acc\u00e9s a terrassa, cuina, office, garatge i ampli porxo amb acc\u00e9s al jard\u00ed. En aquest mateix jard\u00ed, ple d'arbres, trobem una casa"},"aioseo_meta_data":{"post_id":"157032","title":null,"description":null,"keywords":null,"keyphrases":null,"primary_term":null,"canonical_url":null,"og_title":null,"og_description":null,"og_object_type":"default","og_image_type":"default","og_image_url":null,"og_image_width":null,"og_image_height":null,"og_image_custom_url":null,"og_image_custom_fields":null,"og_video":null,"og_custom_url":null,"og_article_section":null,"og_article_tags":null,"twitter_use_og":false,"twitter_card":"default","twitter_image_type":"default","twitter_image_url":null,"twitter_image_custom_url":null,"twitter_image_custom_fields":null,"twitter_title":null,"twitter_description":null,"schema":{"blockGraphs":[],"customGraphs":[],"default":{"data":{"Article":[],"Course":[],"Dataset":[],"FAQPage":[],"Movie":[],"Person":[],"Product":[],"ProductReview":[],"Car":[],"Recipe":[],"Service":[],"SoftwareApplication":[],"WebPage":[]},"graphName":"","isEnabled":true},"graphs":[]},"schema_type":"default","schema_type_options":null,"pillar_content":false,"robots_default":true,"robots_noindex":false,"robots_noarchive":false,"robots_nosnippet":false,"robots_nofollow":false,"robots_noimageindex":false,"robots_noodp":false,"robots_notranslate":false,"robots_max_snippet":null,"robots_max_videopreview":null,"robots_max_imagepreview":"large","priority":null,"frequency":null,"local_seo":null,"breadcrumb_settings":null,"limit_modified_date":false,"ai":null,"created":"2026-08-10 13:21:28","updated":"2026-08-10 13:21:28","seo_analyzer_scan_date":null,"focus_keyword":null,"additional_keywords":null,"truseo_locale":null},"aioseo_breadcrumb":"<div class=\"aioseo-breadcrumbs\"><span class=\"aioseo-breadcrumb\">\n\t\t\t<a href=\"https:\/\/immopascual.com\/ca\/\" title=\"Inicio\">Inicio<\/a>\n\t\t<\/span><span class=\"aioseo-breadcrumb-separator\">&raquo;<\/span><span class=\"aioseo-breadcrumb\">\n\t\t\t<a href=\"https:\/\/immopascual.com\/ca\/propiedad\/\" title=\"Properties\">Properties<\/a>\n\t\t<\/span><span class=\"aioseo-breadcrumb-separator\">&raquo;<\/span><span class=\"aioseo-breadcrumb\">\n\t\t\t<a href=\"https:\/\/immopascual.com\/ca\/property-type\/finca-ca\/\" title=\"Finca amb edificaci\u00f3\">Finca amb edificaci\u00f3<\/a>\n\t\t<\/span><span class=\"aioseo-breadcrumb-separator\">&raquo;<\/span><span class=\"aioseo-breadcrumb\">\n\t\t\tXalet en venda en Son Baulo\n\t\t<\/span><\/div>","aioseo_breadcrumb_json":[{"label":"Inicio","link":"https:\/\/immopascual.com\/ca\/"},{"label":"Properties","link":"https:\/\/immopascual.com\/ca\/propiedad\/"},{"label":"Finca amb edificaci\u00f3","link":"https:\/\/immopascual.com\/ca\/property-type\/finca-ca\/"},{"label":"Xalet en venda en Son Baulo","link":"https:\/\/immopascual.com\/ca\/propiedad\/xalet-en-venda-en-son-baulo\/"}],"property_meta":{"fave_property_id":["C1231"],"fave_property_price":["1365000.00"],"fave_property_bedrooms":["4"],"fave_property_bathrooms":["4"],"fave_property_size":["497"],"fave_property_land":["968"],"fave_property_year":["1978"],"fave_video_url":["https:\/\/www.youtube.com\/watch?v=fA7XKMNtyGg"],"fave_property_images":["157022","157027"],"fave_featured":["1"],"_icl_lang_duplicate_of":["157021"],"_thumbnail_id":["157022"],"_wpml_word_count":["120"],"houzez_total_property_views":["63"],"houzez_views_by_date":["a:19:{s:10:\"08-10-2026\";i:5;s:10:\"08-11-2026\";i:6;s:10:\"08-12-2026\";i:1;s:10:\"08-13-2026\";i:3;s:10:\"08-14-2026\";i:4;s:10:\"08-15-2026\";i:3;s:10:\"08-16-2026\";i:5;s:10:\"08-17-2026\";i:5;s:10:\"08-18-2026\";i:8;s:10:\"08-19-2026\";i:3;s:10:\"08-20-2026\";i:4;s:10:\"08-21-2026\";i:1;s:10:\"08-22-2026\";i:3;s:10:\"08-24-2026\";i:2;s:10:\"08-26-2026\";i:2;s:10:\"08-27-2026\";i:1;s:10:\"08-29-2026\";i:4;s:10:\"08-30-2026\";i:2;s:10:\"08-31-2026\";i:1;}"],"houzez_recently_viewed":["2026-08-31 05:57:37"]},"_links":{"self":[{"href":"https:\/\/immopascual.com\/ca\/wp-json\/wp\/v2\/properties\/157032","targetHints":{"allow":["GET"]}}],"collection":[{"href":"https:\/\/immopascual.com\/ca\/wp-json\/wp\/v2\/properties"}],"about":[{"href":"https:\/\/immopascual.com\/ca\/wp-json\/wp\/v2\/types\/property"}],"author":[{"embeddable":true,"href":"https:\/\/immopascual.com\/ca\/wp-json\/wp\/v2\/users\/1"}],"version-history":[{"count":1,"href":"https:\/\/immopascual.com\/ca\/wp-json\/wp\/v2\/properties\/157032\/revisions"}],"predecessor-version":[{"id":157033,"href":"https:\/\/immopascual.com\/ca\/wp-json\/wp\/v2\/properties\/157032\/revisions\/157033"}],"wp:featuredmedia":[{"embeddable":true,"href":"https:\/\/immopascual.com\/ca\/wp-json\/wp\/v2\/media\/157022"}],"wp:attachment":[{"href":"https:\/\/immopascual.com\/ca\/wp-json\/wp\/v2\/media?parent=157032"}],"wp:term":[{"taxonomy":"property_type","embeddable":true,"href":"https:\/\/immopascual.com\/ca\/wp-json\/wp\/v2\/property_type?post=157032"},{"taxonomy":"property_status","embeddable":true,"href":"https:\/\/immopascual.com\/ca\/wp-json\/wp\/v2\/property_status?post=157032"},{"taxonomy":"property_feature","embeddable":true,"href":"https:\/\/immopascual.com\/ca\/wp-json\/wp\/v2\/property_feature?post=157032"},{"taxonomy":"property_label","embeddable":true,"href":"https:\/\/immopascual.com\/ca\/wp-json\/wp\/v2\/property_label?post=157032"},{"taxonomy":"property_state","embeddable":true,"href":"https:\/\/immopascual.com\/ca\/wp-json\/wp\/v2\/property_state?post=157032"},{"taxonomy":"property_city","embeddable":true,"href":"https:\/\/immopascual.com\/ca\/wp-json\/wp\/v2\/property_city?post=157032"},{"taxonomy":"property_area","embeddable":true,"href":"https:\/\/immopascual.com\/ca\/wp-json\/wp\/v2\/property_area?post=157032"}],"curies":[{"name":"wp","href":"https:\/\/api.w.org\/{rel}","templated":true}]}}

<p>En un solar de més de 900 m2, trobem una casa unifamiliar d&#8217;uns 200 m2, en bon estat. A la planta baixa tenim: entrada, bany, amplia sala menjador amb llar de foc i accés a terrassa, cuina, office, garatge i ampli porxo amb accés al jardí. En aquest mateix jardí, ple d&#8217;arbres, trobem una casa de convidats, amb bany, cuina oberta i un espai molt ampli, d&#8217;uns 100 m2, amb llar de foc on i trobam diferents ambients. A la primera planta de la casa principal, tenim tres habitacions i dos banys. La casa necessita modernitzar, encara que està en bon estat. Té calefacció i aire condicionat en alguns llocs, obertura automàtica de la porta del garatge, alarma i també ofereix la possibilitat de fer una piscina.</p>

<p>En un solar de més de 900 m2, trobem una casa unifamiliar d&#8217;uns 200 m2, en bon estat. A la planta baixa tenim: entrada, bany, amplia sala menjador amb llar de foc i accés a terrassa, cuina, office, garatge i ampli porxo amb accés al jardí. En aquest mateix jardí, ple d&#8217;arbres, trobem una casa [&hellip;]</p>

<!-- All in One SEO 5.0.0.1 - aioseo.com -->
	<meta name="description" content="En un solar de més de 900 m2, trobem una casa unifamiliar d&#039;uns 200 m2, en bon estat. A la planta baixa tenim: entrada, bany, amplia sala menjador amb llar de foc i accés a terrassa, cuina, office, garatge i ampli porxo amb accés al jardí. En aquest mateix jardí, ple d&#039;arbres, trobem una casa" />
	<meta name="robots" content="max-image-preview:large" />
	<meta name="author" content="Immopascual"/>
	<link rel="canonical" href="https://immopascual.com/ca/propiedad/xalet-en-venda-en-son-baulo/" />
	<meta name="generator" content="All in One SEO (AIOSEO) 5.0.0.1" />
		<meta property="og:locale" content="ca_ES" />
		<meta property="og:site_name" content="Immopascual - Inmobiliaria Pascual Associats" />
		<meta property="og:type" content="article" />
		<meta property="og:title" content="Xalet en venda en Son Baulo - Immopascual" />
		<meta property="og:description" content="En un solar de més de 900 m2, trobem una casa unifamiliar d&#039;uns 200 m2, en bon estat. A la planta baixa tenim: entrada, bany, amplia sala menjador amb llar de foc i accés a terrassa, cuina, office, garatge i ampli porxo amb accés al jardí. En aquest mateix jardí, ple d&#039;arbres, trobem una casa" />
		<meta property="og:url" content="https://immopascual.com/ca/propiedad/xalet-en-venda-en-son-baulo/" />
		<meta property="article:published_time" content="2026-08-10T08:15:00+00:00" />
		<meta property="article:modified_time" content="2026-08-10T08:15:56+00:00" />
		<meta name="twitter:card" content="summary" />
		<meta name="twitter:title" content="Xalet en venda en Son Baulo - Immopascual" />
		<meta name="twitter:description" content="En un solar de més de 900 m2, trobem una casa unifamiliar d&#039;uns 200 m2, en bon estat. A la planta baixa tenim: entrada, bany, amplia sala menjador amb llar de foc i accés a terrassa, cuina, office, garatge i ampli porxo amb accés al jardí. En aquest mateix jardí, ple d&#039;arbres, trobem una casa" />
		<!-- All in One SEO -->

En un solar de més de 900 m2, trobem una casa unifamiliar d'uns 200 m2, en bon estat. A la planta baixa tenim: entrada, bany, amplia sala menjador amb llar de foc i accés a terrassa, cuina, office, garatge i ampli porxo amb accés al jardí. En aquest mateix jardí, ple d'arbres, trobem una casa

<div class="aioseo-breadcrumbs"><span class="aioseo-breadcrumb">
			<a href="https://immopascual.com/ca/" title="Inicio">Inicio</a>
		</span><span class="aioseo-breadcrumb-separator">&raquo;</span><span class="aioseo-breadcrumb">
			<a href="https://immopascual.com/ca/propiedad/" title="Properties">Properties</a>
		</span><span class="aioseo-breadcrumb-separator">&raquo;</span><span class="aioseo-breadcrumb">
			<a href="https://immopascual.com/ca/property-type/finca-ca/" title="Finca amb edificació">Finca amb edificació</a>
		</span><span class="aioseo-breadcrumb-separator">&raquo;</span><span class="aioseo-breadcrumb">
			Xalet en venda en Son Baulo
		</span></div>

Finca amb edificació
