{"id":152256,"date":"2026-02-19T12:58:38","date_gmt":"2026-02-19T12:58:38","guid":{"rendered":"https:\/\/immopascual.com\/propiedad\/chalet-con-piscina-cubierta-en-sa-coma\/"},"modified":"2026-02-19T12:58:38","modified_gmt":"2026-02-19T12:58:38","slug":"chalet-con-piscina-cubierta-en-sa-coma","status":"publish","type":"property","link":"https:\/\/immopascual.com\/es\/propiedad\/chalet-con-piscina-cubierta-en-sa-coma\/","title":{"rendered":"Chalet con piscina cubierta en Sa coma"},"content":{"rendered":"<p>En Sa coma , cerca de todas las comodidades , chalet  totalmente reformado  . Tiene calefacci\u00f3n de gas ciudad , aire acondicionado , climalit ,  piscina cubierta  en un jard\u00edn de 746 m2 donde encontrareis naranjas , pomelos , manzanas , olivos y uvas negra.<br \/>\n la casa os ofrece un poco m\u00e1s de 200 m2 distribuidos en una  acogedora entrada de 18 m2 , sal\u00f3n comedor con chimenea , salida al porche delantero y vistas al magn\u00edfico olivo centenario . La cocina esta separada y os ofrece 15 m2 amueblados de manera c\u00f3moda para disfrutar cocinando , el lavadero hace unos 4 m2  y tiene salida a la  terraza trasera que os permite cenar delante de la piscina . esta terraza tiene un toldo el\u00e9ctrico para protegeros del sol de verano .<br \/>\nEn la parte noche de la planta  baja tenemos dos habitaciones  dobles una con armario empotrado , un vestidor independiente , un despacho que igualmente podr\u00eda ser un dormitorio y un ba\u00f1o con ba\u00f1era . La parte noche dispone tambi\u00e9n de una entrada independiente que da acceso a la piscina .<br \/>\nEn la primera planta tenemos una suite  que empieza por un vestidor de 15 m2 , un despacho con acceso a una terraza privada , una habitaci\u00f3n con ba\u00f1o completo en suite con ducha grande y ba\u00f1era retro roca con patas de leon . la terraza de la habitaci\u00f3n tiene un toldo el\u00e9ctrico y una orientaci\u00f3n al sur oeste lo que hace que en invierno es una terraza muy agradable . La casa tiene calefacci\u00f3n central de gas, aire acondicionado en las estancias principales , ventiladores de techo , alarma , toldos el\u00e9ctricos en terrazas , persianas de aluminio , ventanas de pvc , porche con toldos para cerrarlo en invierno y as\u00ed evitar la humedad . la casa se puede vender amueblada  y equipada .<\/p>\n","protected":false},"excerpt":{"rendered":"<p>En Sa coma , cerca de todas las comodidades , chalet totalmente reformado . Tiene calefacci\u00f3n de gas ciudad , aire acondicionado , climalit , piscina cubierta en un jard\u00edn de 746 m2 donde encontrareis naranjas , pomelos , manzanas , olivos y uvas negra. la casa os ofrece un poco m\u00e1s de 200 m2 [&hellip;]<\/p>\n","protected":false},"author":1,"featured_media":152257,"parent":0,"menu_order":0,"template":"","property_type":[3],"property_status":[50],"property_feature":[],"property_label":[],"property_state":[9],"property_city":[516],"property_area":[517],"class_list":["post-152256","property","type-property","status-publish","has-post-thumbnail","hentry","property_type-casa-chalet","property_status-venta","property_state-mallorca","property_city-sa-coma","property_area-sa-coma"],"acf":[],"aioseo_notices":[],"property_meta":{"lastUpdate":["2026-04-20T18:30:49.767"],"fave_property_id":["C1493"],"fave_property_price":["747000.00"],"fave_property_bedrooms":["4"],"fave_property_bathrooms":["2"],"fave_property_size":["225"],"fave_property_land":["746"],"fave_property_year":["1986"],"fave_video_url":["https:\/\/youtu.be\/M_LGgTES38k"],"_thumbnail_id":["152257"],"fave_property_images":["152257","152262","152613","152618","152623","152628","152633","152638","152643","152648","152658","152664","152669","152674","152679","152684","152689","152694","152699","152704","152709","152714","152719","152724","152729","152734","152739","152744","152749","152754","152759","152764","152769","152774","152779","152784","152789","152794","152799","152804","152809","152814","152819","152824","152829","152834","152839","152844","152849","152854","153788","155063","155068","155073","155078","155083","155088","155093","155098","155103","155108"],"fave_featured":["1"],"_wpml_word_count":["283"],"houzez_total_property_views":["182"],"houzez_views_by_date":["a:61:{s:10:\"02-26-2026\";i:4;s:10:\"02-27-2026\";i:3;s:10:\"02-28-2026\";i:2;s:10:\"03-01-2026\";i:2;s:10:\"03-03-2026\";i:5;s:10:\"03-04-2026\";i:7;s:10:\"03-06-2026\";i:1;s:10:\"03-07-2026\";i:4;s:10:\"03-08-2026\";i:4;s:10:\"03-09-2026\";i:2;s:10:\"03-10-2026\";i:2;s:10:\"03-11-2026\";i:2;s:10:\"03-12-2026\";i:6;s:10:\"03-13-2026\";i:2;s:10:\"03-14-2026\";i:3;s:10:\"03-16-2026\";i:3;s:10:\"03-17-2026\";i:1;s:10:\"03-18-2026\";i:3;s:10:\"03-19-2026\";i:2;s:10:\"03-20-2026\";i:2;s:10:\"03-21-2026\";i:2;s:10:\"03-22-2026\";i:3;s:10:\"03-23-2026\";i:1;s:10:\"03-24-2026\";i:4;s:10:\"03-25-2026\";i:5;s:10:\"03-26-2026\";i:2;s:10:\"03-27-2026\";i:2;s:10:\"03-28-2026\";i:3;s:10:\"03-29-2026\";i:4;s:10:\"03-30-2026\";i:3;s:10:\"03-31-2026\";i:4;s:10:\"04-01-2026\";i:2;s:10:\"04-02-2026\";i:2;s:10:\"04-03-2026\";i:1;s:10:\"04-04-2026\";i:3;s:10:\"04-05-2026\";i:1;s:10:\"04-06-2026\";i:1;s:10:\"04-07-2026\";i:1;s:10:\"04-08-2026\";i:3;s:10:\"04-09-2026\";i:3;s:10:\"04-10-2026\";i:1;s:10:\"04-11-2026\";i:1;s:10:\"04-12-2026\";i:4;s:10:\"04-13-2026\";i:1;s:10:\"04-14-2026\";i:1;s:10:\"04-15-2026\";i:5;s:10:\"04-16-2026\";i:3;s:10:\"04-17-2026\";i:1;s:10:\"04-18-2026\";i:4;s:10:\"04-19-2026\";i:4;s:10:\"04-20-2026\";i:1;s:10:\"04-21-2026\";i:2;s:10:\"04-22-2026\";i:4;s:10:\"04-23-2026\";i:1;s:10:\"04-24-2026\";i:1;s:10:\"04-25-2026\";i:2;s:10:\"04-26-2026\";i:6;s:10:\"04-27-2026\";i:2;s:10:\"04-28-2026\";i:3;s:10:\"04-29-2026\";i:2;s:10:\"04-30-2026\";i:1;}"],"houzez_recently_viewed":["2026-04-30 04:08:51"],"fave_energy_class":["D"],"fave_energy_global_index":["124.80KW h\/m2 a\u00f1o"],"fave_virtual_tour":["<iframe src=\"https:\/\/kuula.co\/share\/collection\/7H7YT?logo=-1&info=0&fs=1&vr=0&sd=0&autorotate=0\" style=\"width:100%\"><\/iframe>"]},"_links":{"self":[{"href":"https:\/\/immopascual.com\/es\/wp-json\/wp\/v2\/properties\/152256","targetHints":{"allow":["GET"]}}],"collection":[{"href":"https:\/\/immopascual.com\/es\/wp-json\/wp\/v2\/properties"}],"about":[{"href":"https:\/\/immopascual.com\/es\/wp-json\/wp\/v2\/types\/property"}],"author":[{"embeddable":true,"href":"https:\/\/immopascual.com\/es\/wp-json\/wp\/v2\/users\/1"}],"version-history":[{"count":0,"href":"https:\/\/immopascual.com\/es\/wp-json\/wp\/v2\/properties\/152256\/revisions"}],"wp:featuredmedia":[{"embeddable":true,"href":"https:\/\/immopascual.com\/es\/wp-json\/wp\/v2\/media\/152257"}],"wp:attachment":[{"href":"https:\/\/immopascual.com\/es\/wp-json\/wp\/v2\/media?parent=152256"}],"wp:term":[{"taxonomy":"property_type","embeddable":true,"href":"https:\/\/immopascual.com\/es\/wp-json\/wp\/v2\/property_type?post=152256"},{"taxonomy":"property_status","embeddable":true,"href":"https:\/\/immopascual.com\/es\/wp-json\/wp\/v2\/property_status?post=152256"},{"taxonomy":"property_feature","embeddable":true,"href":"https:\/\/immopascual.com\/es\/wp-json\/wp\/v2\/property_feature?post=152256"},{"taxonomy":"property_label","embeddable":true,"href":"https:\/\/immopascual.com\/es\/wp-json\/wp\/v2\/property_label?post=152256"},{"taxonomy":"property_state","embeddable":true,"href":"https:\/\/immopascual.com\/es\/wp-json\/wp\/v2\/property_state?post=152256"},{"taxonomy":"property_city","embeddable":true,"href":"https:\/\/immopascual.com\/es\/wp-json\/wp\/v2\/property_city?post=152256"},{"taxonomy":"property_area","embeddable":true,"href":"https:\/\/immopascual.com\/es\/wp-json\/wp\/v2\/property_area?post=152256"}],"curies":[{"name":"wp","href":"https:\/\/api.w.org\/{rel}","templated":true}]}}

<p>En Sa coma , cerca de todas las comodidades , chalet  totalmente reformado  . Tiene calefacción de gas ciudad , aire acondicionado , climalit ,  piscina cubierta  en un jardín de 746 m2 donde encontrareis naranjas , pomelos , manzanas , olivos y uvas negra.<br />
 la casa os ofrece un poco más de 200 m2 distribuidos en una  acogedora entrada de 18 m2 , salón comedor con chimenea , salida al porche delantero y vistas al magnífico olivo centenario . La cocina esta separada y os ofrece 15 m2 amueblados de manera cómoda para disfrutar cocinando , el lavadero hace unos 4 m2  y tiene salida a la  terraza trasera que os permite cenar delante de la piscina . esta terraza tiene un toldo eléctrico para protegeros del sol de verano .<br />
En la parte noche de la planta  baja tenemos dos habitaciones  dobles una con armario empotrado , un vestidor independiente , un despacho que igualmente podría ser un dormitorio y un baño con bañera . La parte noche dispone también de una entrada independiente que da acceso a la piscina .<br />
En la primera planta tenemos una suite  que empieza por un vestidor de 15 m2 , un despacho con acceso a una terraza privada , una habitación con baño completo en suite con ducha grande y bañera retro roca con patas de leon . la terraza de la habitación tiene un toldo eléctrico y una orientación al sur oeste lo que hace que en invierno es una terraza muy agradable . La casa tiene calefacción central de gas, aire acondicionado en las estancias principales , ventiladores de techo , alarma , toldos eléctricos en terrazas , persianas de aluminio , ventanas de pvc , porche con toldos para cerrarlo en invierno y así evitar la humedad . la casa se puede vender amueblada  y equipada .</p>

<p>En Sa coma , cerca de todas las comodidades , chalet totalmente reformado . Tiene calefacción de gas ciudad , aire acondicionado , climalit , piscina cubierta en un jardín de 746 m2 donde encontrareis naranjas , pomelos , manzanas , olivos y uvas negra. la casa os ofrece un poco más de 200 m2 [&hellip;]</p>

124.80KW h/m2 año
