{"id":152294,"date":"2026-02-19T12:59:41","date_gmt":"2026-02-19T12:59:41","guid":{"rendered":"https:\/\/immopascual.com\/propiedad\/casa-de-campo-en-venta-en-manacor\/"},"modified":"2026-02-19T12:59:41","modified_gmt":"2026-02-19T12:59:41","slug":"casa-de-campo-en-venta-en-manacor","status":"publish","type":"property","link":"https:\/\/immopascual.com\/es\/propiedad\/casa-de-campo-en-venta-en-manacor\/","title":{"rendered":"Casa de campo en venta en Manacor"},"content":{"rendered":"<p>Si  lo que est\u00e1is buscando es una casa de campo en buen estado lista para entrar  con un jard\u00edn amplio sin que sea dif\u00edcil de mantener es la finca ideal . con sus 1480 m2  os ofrece un amplio jard\u00edn donde encontramos   una amplia piscina de 34 m2  y un almac\u00e9n  de unos 55 m2  asi como una p\u00e9rgola para proteger los coches . La casa ofrece unos 158 m2 construidos  y un porche de unos 41 m2 para disfrutar del verano .La casa  tiene aire acondicionado . En la casa tenemos 3 habitaciones y 2 ba\u00f1os una amplia cocina amueblada y equipada dando al porche . El sal\u00f3n es amplio y tiene una bonita vista al jard\u00edn a trav\u00e9s de su amplio ventanal .  La casa beneficia de agua del municipio y la luz es solar, tambi\u00e9n tiene alteradora para los dias de lluvia . Hay un proyecto de legalizaci\u00f3n  de la totalidad de las construcciones  , si tiene inter\u00e9s se lo podemos facilitar  . La casa   figura en  el registro pero con una descripci\u00f3n incompleta .<\/p>\n","protected":false},"excerpt":{"rendered":"<p>Si lo que est\u00e1is buscando es una casa de campo en buen estado lista para entrar con un jard\u00edn amplio sin que sea dif\u00edcil de mantener es la finca ideal . con sus 1480 m2 os ofrece un amplio jard\u00edn donde encontramos una amplia piscina de 34 m2 y un almac\u00e9n de unos 55 m2 [&hellip;]<\/p>\n","protected":false},"author":1,"featured_media":152295,"parent":0,"menu_order":0,"template":"","property_type":[4],"property_status":[50],"property_feature":[],"property_label":[],"property_state":[9],"property_city":[157],"property_area":[690],"class_list":["post-152294","property","type-property","status-publish","has-post-thumbnail","hentry","property_type-finca","property_status-venta","property_state-mallorca","property_city-manacor","property_area-manacor"],"acf":[],"aioseo_notices":[],"property_meta":{"lastUpdate":["2026-04-14T11:15:59.997"],"fave_property_id":["c1494"],"fave_property_price":["595000.00"],"fave_property_bedrooms":["3"],"fave_property_bathrooms":["2"],"fave_property_size":["235"],"fave_property_land":["1480"],"fave_property_year":["1956"],"fave_video_url":["https:\/\/players.brightcove.net\/90843144001\/SJNAcllVe_default\/index.html?videoId=6388813191112"],"_thumbnail_id":["152295"],"fave_property_images":["152295","152300","153024","153029","153034","153039","153044","153049","153054","153059","153064","153069","153074","153079","153084","153089","153094","153099","153104","153109","153114"],"_wpml_word_count":["154"],"houzez_total_property_views":["235"],"houzez_views_by_date":["a:61:{s:10:\"02-26-2026\";i:4;s:10:\"02-27-2026\";i:8;s:10:\"02-28-2026\";i:2;s:10:\"03-01-2026\";i:6;s:10:\"03-02-2026\";i:2;s:10:\"03-03-2026\";i:4;s:10:\"03-04-2026\";i:3;s:10:\"03-05-2026\";i:4;s:10:\"03-06-2026\";i:4;s:10:\"03-07-2026\";i:4;s:10:\"03-08-2026\";i:4;s:10:\"03-09-2026\";i:3;s:10:\"03-10-2026\";i:3;s:10:\"03-11-2026\";i:3;s:10:\"03-12-2026\";i:6;s:10:\"03-13-2026\";i:5;s:10:\"03-14-2026\";i:3;s:10:\"03-15-2026\";i:1;s:10:\"03-16-2026\";i:6;s:10:\"03-17-2026\";i:1;s:10:\"03-18-2026\";i:1;s:10:\"03-19-2026\";i:2;s:10:\"03-20-2026\";i:3;s:10:\"03-21-2026\";i:3;s:10:\"03-22-2026\";i:5;s:10:\"03-23-2026\";i:1;s:10:\"03-24-2026\";i:8;s:10:\"03-25-2026\";i:4;s:10:\"03-26-2026\";i:7;s:10:\"03-27-2026\";i:2;s:10:\"03-28-2026\";i:5;s:10:\"03-29-2026\";i:3;s:10:\"03-30-2026\";i:6;s:10:\"03-31-2026\";i:3;s:10:\"04-01-2026\";i:4;s:10:\"04-02-2026\";i:3;s:10:\"04-04-2026\";i:5;s:10:\"04-05-2026\";i:1;s:10:\"04-06-2026\";i:1;s:10:\"04-07-2026\";i:3;s:10:\"04-08-2026\";i:3;s:10:\"04-09-2026\";i:2;s:10:\"04-10-2026\";i:2;s:10:\"04-11-2026\";i:1;s:10:\"04-12-2026\";i:3;s:10:\"04-13-2026\";i:3;s:10:\"04-14-2026\";i:4;s:10:\"04-15-2026\";i:2;s:10:\"04-16-2026\";i:3;s:10:\"04-17-2026\";i:2;s:10:\"04-18-2026\";i:3;s:10:\"04-19-2026\";i:5;s:10:\"04-20-2026\";i:2;s:10:\"04-21-2026\";i:4;s:10:\"04-22-2026\";i:4;s:10:\"04-23-2026\";i:1;s:10:\"04-24-2026\";i:2;s:10:\"04-25-2026\";i:3;s:10:\"04-26-2026\";i:4;s:10:\"04-27-2026\";i:4;s:10:\"04-28-2026\";i:3;}"],"houzez_recently_viewed":["2026-04-28 08:24:55"],"_edit_lock":["1771578970:1"],"fave_featured":["0"]},"_links":{"self":[{"href":"https:\/\/immopascual.com\/es\/wp-json\/wp\/v2\/properties\/152294","targetHints":{"allow":["GET"]}}],"collection":[{"href":"https:\/\/immopascual.com\/es\/wp-json\/wp\/v2\/properties"}],"about":[{"href":"https:\/\/immopascual.com\/es\/wp-json\/wp\/v2\/types\/property"}],"author":[{"embeddable":true,"href":"https:\/\/immopascual.com\/es\/wp-json\/wp\/v2\/users\/1"}],"version-history":[{"count":0,"href":"https:\/\/immopascual.com\/es\/wp-json\/wp\/v2\/properties\/152294\/revisions"}],"wp:featuredmedia":[{"embeddable":true,"href":"https:\/\/immopascual.com\/es\/wp-json\/wp\/v2\/media\/152295"}],"wp:attachment":[{"href":"https:\/\/immopascual.com\/es\/wp-json\/wp\/v2\/media?parent=152294"}],"wp:term":[{"taxonomy":"property_type","embeddable":true,"href":"https:\/\/immopascual.com\/es\/wp-json\/wp\/v2\/property_type?post=152294"},{"taxonomy":"property_status","embeddable":true,"href":"https:\/\/immopascual.com\/es\/wp-json\/wp\/v2\/property_status?post=152294"},{"taxonomy":"property_feature","embeddable":true,"href":"https:\/\/immopascual.com\/es\/wp-json\/wp\/v2\/property_feature?post=152294"},{"taxonomy":"property_label","embeddable":true,"href":"https:\/\/immopascual.com\/es\/wp-json\/wp\/v2\/property_label?post=152294"},{"taxonomy":"property_state","embeddable":true,"href":"https:\/\/immopascual.com\/es\/wp-json\/wp\/v2\/property_state?post=152294"},{"taxonomy":"property_city","embeddable":true,"href":"https:\/\/immopascual.com\/es\/wp-json\/wp\/v2\/property_city?post=152294"},{"taxonomy":"property_area","embeddable":true,"href":"https:\/\/immopascual.com\/es\/wp-json\/wp\/v2\/property_area?post=152294"}],"curies":[{"name":"wp","href":"https:\/\/api.w.org\/{rel}","templated":true}]}}

<p>Si  lo que estáis buscando es una casa de campo en buen estado lista para entrar  con un jardín amplio sin que sea difícil de mantener es la finca ideal . con sus 1480 m2  os ofrece un amplio jardín donde encontramos   una amplia piscina de 34 m2  y un almacén  de unos 55 m2  asi como una pérgola para proteger los coches . La casa ofrece unos 158 m2 construidos  y un porche de unos 41 m2 para disfrutar del verano .La casa  tiene aire acondicionado . En la casa tenemos 3 habitaciones y 2 baños una amplia cocina amueblada y equipada dando al porche . El salón es amplio y tiene una bonita vista al jardín a través de su amplio ventanal .  La casa beneficia de agua del municipio y la luz es solar, también tiene alteradora para los dias de lluvia . Hay un proyecto de legalización  de la totalidad de las construcciones  , si tiene interés se lo podemos facilitar  . La casa   figura en  el registro pero con una descripción incompleta .</p>

<p>Si lo que estáis buscando es una casa de campo en buen estado lista para entrar con un jardín amplio sin que sea difícil de mantener es la finca ideal . con sus 1480 m2 os ofrece un amplio jardín donde encontramos una amplia piscina de 34 m2 y un almacén de unos 55 m2 [&hellip;]</p>
