{"id":143948,"date":"2025-07-17T10:32:02","date_gmt":"2025-07-17T10:30:06","guid":{"rendered":"https:\/\/immopascual.com\/propiedad\/finca-rustica-en-venta-en-santa-margalida-3\/"},"modified":"2026-04-09T09:08:45","modified_gmt":"2026-04-09T09:08:45","slug":"finca-avec-projet-a-vendre-a-santa-margalida","status":"publish","type":"property","link":"https:\/\/immopascual.com\/fr\/propiedad\/finca-avec-projet-a-vendre-a-santa-margalida\/","title":{"rendered":"FINCA AVEC PROJET \u00e0 vendre \u00e0 Santa Margalida"},"content":{"rendered":"<p>Finca rustique avec un projet de r\u00eave<\/p>\n<p>Vous r\u00eavez de vivre dans une maison de campagne avec tout le confort et entour\u00e9e par la nature ? C&#8217;est l&#8217;occasion d&#8217;acqu\u00e9rir une finca rustique avec un projet approuv\u00e9 pour construire un rez-de-chauss\u00e9e de 295 m2 habitables comprenant quatre chambres, dont deux en suite, une salle de bains, un WC, une buanderie, une chaufferie, un porche d&#8217;entr\u00e9e de 3 m2, plusieurs terrasses et une piscine de 10,45 x 3,25. Il y aura \u00e9galement un appartement pour les invit\u00e9s.<br \/>\nLa finca a une superficie de 17 631 m2 et est situ\u00e9e dans un endroit calme et bien desservi, pr\u00e8s du village et avec la possibilit\u00e9 de se connecter \u00e0 l&#8217;eau et \u00e0 la g\u00e9othermie. Le terrain est cl\u00f4tur\u00e9 et dispose d&#8217;une cabane ancienne qui peut \u00eatre conserv\u00e9e comme \u00e9l\u00e9ment d\u00e9coratif ou de stockage. Le terrain vous permet de profiter de deux environnements diff\u00e9rents s\u00e9par\u00e9s par une for\u00eat : l&#8217;un o\u00f9 se trouve la maison et la piscine, avec vue sur les montagnes et sans aucun obstacle entravant la vue, l&#8217;autre o\u00f9 vous pourrez avoir des animaux. De plus, la finca est tr\u00e8s calme et vous permettra de vous d\u00e9tendre et de vous d\u00e9connecter du stress quotidien. Ne manquez pas cette opportunit\u00e9 unique d&#8217;avoir la maison de vos r\u00eaves dans un environnement privil\u00e9gi\u00e9. Il est pr\u00e9vu que le permis soit disponible bient\u00f4t et que la construction puisse commencer imm\u00e9diatement. Contactez-nous et nous vous fournirons plus d&#8217;informations sur cette finca rustique avec projet. Nous vous attendons !<br \/>\nNotre entreprise b\u00e9n\u00e9ficie d&#8217;une exp\u00e9rience professionnelle d&#8217;environ 30 ans dans le nord-est de Majorque, offrant des services immobiliers avec d\u00e9vouement, transparence et connaissance du march\u00e9 local. De m\u00eame, veuillez noter que Gabriel Pascual Font est inscrit \u00e0 l&#8217;Association bal\u00e9are des conseillers immobiliers sous le num\u00e9ro 1260, et est inscrit au Registre des agents immobiliers des Bal\u00e9ares (RAIIB) sous le num\u00e9ro GOIBE787033\/2024, satisfaisant ainsi aux exigences l\u00e9gales et professionnelles requises pour l&#8217;exercice de l&#8217;activit\u00e9.<br \/>\nInformations l\u00e9gales et transparence \u00e9conomique&#8221;,<\/p>\n<p>INFORMATIONS CONFORM\u00c9MENT \u00c0 ART. 20 DU TRLGDCU<br \/>\nLe prix de vente publi\u00e9 ne constitue pas une offre contraignante et n&#8217;inclut pas les frais et imp\u00f4ts li\u00e9s \u00e0 l&#8217;achat. Fiscalit\u00e9: l&#8217;op\u00e9ration est en principe soumise \u00e0 l&#8217;ITP. Frais d&#8217;acquisition approximatifs : ITP (8 % &#8211; 10 %) : 24 800 \u20ac. Notaire et enregistrement : entre 0,2 % et 0,5 %, soit 1 600 \u20ac. Administration: 500 \u20ac. Total approximatif : 27 000 \u20ac. Les frais d&#8217;agence sont \u00e0 la charge du vendeur sauf accord contraire entre les parties. Le prix final, taxes comprises, peut d\u00e9pendre de la situation fiscale de l&#8217;acheteur. Le suppl\u00e9ment de valeur municipale est \u00e0 la charge du vendeur. Les imp\u00f4ts fonciers et la taxe sur les d\u00e9chets seront r\u00e9partis en fonction de la date d&#8217;achat.<\/p>\n","protected":false},"excerpt":{"rendered":"<p>Finca rustique avec un projet de r\u00eave Vous r\u00eavez de vivre dans une maison de campagne avec tout le confort et entour\u00e9e par la nature ? C&#8217;est l&#8217;occasion d&#8217;acqu\u00e9rir une finca rustique avec un projet approuv\u00e9 pour construire un rez-de-chauss\u00e9e de 295 m2 habitables comprenant quatre chambres, dont deux en suite, une salle de bains, [&hellip;]<\/p>\n","protected":false},"author":1,"featured_media":143864,"parent":0,"menu_order":0,"template":"","property_type":[185],"property_status":[149,50],"property_feature":[],"property_label":[],"property_state":[150],"property_city":[13,167],"property_area":[239],"class_list":["post-143948","property","type-property","status-publish","has-post-thumbnail","hentry","property_type-finca-fr","property_status-venta-fr","property_status-venta","property_state-mallorca-fr","property_city-santa-margalida","property_city-santa-margalida-fr","property_area-santa-margalida-fr"],"acf":[],"aioseo_notices":[],"property_meta":{"fave_property_id":["T1473"],"fave_property_price":["285000.00"],"fave_property_bedrooms":["0"],"fave_property_bathrooms":["0"],"fave_property_size":["220"],"fave_property_land":["17631"],"fave_property_year":[""],"fave_property_images":["143864","143869","143874","143879","143884","143889","143894","143899","143904","143909","143914","143919","143924","143929","143934","143939","143952","143957","143962","143967","143972","143977","153926"],"_icl_lang_duplicate_of":["143863"],"_thumbnail_id":["143864"],"_wpml_word_count":["482"],"houzez_total_property_views":["495"],"houzez_views_by_date":["a:61:{s:10:\"01-18-2026\";i:1;s:10:\"01-22-2026\";i:1;s:10:\"01-24-2026\";i:1;s:10:\"01-29-2026\";i:1;s:10:\"01-30-2026\";i:1;s:10:\"01-31-2026\";i:2;s:10:\"02-01-2026\";i:1;s:10:\"02-03-2026\";i:1;s:10:\"02-04-2026\";i:2;s:10:\"02-05-2026\";i:2;s:10:\"02-06-2026\";i:1;s:10:\"02-08-2026\";i:1;s:10:\"02-10-2026\";i:1;s:10:\"02-11-2026\";i:1;s:10:\"02-12-2026\";i:1;s:10:\"02-13-2026\";i:2;s:10:\"02-14-2026\";i:1;s:10:\"02-16-2026\";i:1;s:10:\"02-17-2026\";i:2;s:10:\"02-18-2026\";i:1;s:10:\"02-21-2026\";i:1;s:10:\"02-22-2026\";i:1;s:10:\"02-23-2026\";i:2;s:10:\"02-25-2026\";i:2;s:10:\"03-03-2026\";i:2;s:10:\"03-04-2026\";i:2;s:10:\"03-08-2026\";i:1;s:10:\"03-09-2026\";i:1;s:10:\"03-11-2026\";i:2;s:10:\"03-12-2026\";i:1;s:10:\"03-14-2026\";i:1;s:10:\"03-15-2026\";i:2;s:10:\"03-16-2026\";i:1;s:10:\"03-17-2026\";i:1;s:10:\"03-19-2026\";i:1;s:10:\"03-21-2026\";i:1;s:10:\"03-23-2026\";i:1;s:10:\"03-24-2026\";i:2;s:10:\"03-26-2026\";i:1;s:10:\"03-27-2026\";i:1;s:10:\"03-29-2026\";i:1;s:10:\"03-31-2026\";i:1;s:10:\"04-04-2026\";i:2;s:10:\"04-07-2026\";i:1;s:10:\"04-08-2026\";i:2;s:10:\"04-09-2026\";i:5;s:10:\"04-11-2026\";i:2;s:10:\"04-12-2026\";i:2;s:10:\"04-14-2026\";i:1;s:10:\"04-15-2026\";i:5;s:10:\"04-16-2026\";i:1;s:10:\"04-17-2026\";i:1;s:10:\"04-18-2026\";i:1;s:10:\"04-19-2026\";i:1;s:10:\"04-20-2026\";i:2;s:10:\"04-24-2026\";i:1;s:10:\"04-25-2026\";i:1;s:10:\"04-26-2026\";i:3;s:10:\"04-28-2026\";i:2;s:10:\"04-30-2026\";i:1;s:10:\"05-01-2026\";i:1;}"],"houzez_recently_viewed":["2026-05-01 13:35:39"],"lastUpdate":["2026-03-26T13:21:35.873"],"fave_featured":["0"]},"_links":{"self":[{"href":"https:\/\/immopascual.com\/fr\/wp-json\/wp\/v2\/properties\/143948","targetHints":{"allow":["GET"]}}],"collection":[{"href":"https:\/\/immopascual.com\/fr\/wp-json\/wp\/v2\/properties"}],"about":[{"href":"https:\/\/immopascual.com\/fr\/wp-json\/wp\/v2\/types\/property"}],"author":[{"embeddable":true,"href":"https:\/\/immopascual.com\/fr\/wp-json\/wp\/v2\/users\/1"}],"version-history":[{"count":2,"href":"https:\/\/immopascual.com\/fr\/wp-json\/wp\/v2\/properties\/143948\/revisions"}],"predecessor-version":[{"id":153933,"href":"https:\/\/immopascual.com\/fr\/wp-json\/wp\/v2\/properties\/143948\/revisions\/153933"}],"wp:featuredmedia":[{"embeddable":true,"href":"https:\/\/immopascual.com\/fr\/wp-json\/wp\/v2\/media\/143864"}],"wp:attachment":[{"href":"https:\/\/immopascual.com\/fr\/wp-json\/wp\/v2\/media?parent=143948"}],"wp:term":[{"taxonomy":"property_type","embeddable":true,"href":"https:\/\/immopascual.com\/fr\/wp-json\/wp\/v2\/property_type?post=143948"},{"taxonomy":"property_status","embeddable":true,"href":"https:\/\/immopascual.com\/fr\/wp-json\/wp\/v2\/property_status?post=143948"},{"taxonomy":"property_feature","embeddable":true,"href":"https:\/\/immopascual.com\/fr\/wp-json\/wp\/v2\/property_feature?post=143948"},{"taxonomy":"property_label","embeddable":true,"href":"https:\/\/immopascual.com\/fr\/wp-json\/wp\/v2\/property_label?post=143948"},{"taxonomy":"property_state","embeddable":true,"href":"https:\/\/immopascual.com\/fr\/wp-json\/wp\/v2\/property_state?post=143948"},{"taxonomy":"property_city","embeddable":true,"href":"https:\/\/immopascual.com\/fr\/wp-json\/wp\/v2\/property_city?post=143948"},{"taxonomy":"property_area","embeddable":true,"href":"https:\/\/immopascual.com\/fr\/wp-json\/wp\/v2\/property_area?post=143948"}],"curies":[{"name":"wp","href":"https:\/\/api.w.org\/{rel}","templated":true}]}}

FINCA AVEC PROJET à vendre à Santa Margalida

<p>Finca rustique avec un projet de rêve</p>
<p>Vous rêvez de vivre dans une maison de campagne avec tout le confort et entourée par la nature ? C&#8217;est l&#8217;occasion d&#8217;acquérir une finca rustique avec un projet approuvé pour construire un rez-de-chaussée de 295 m2 habitables comprenant quatre chambres, dont deux en suite, une salle de bains, un WC, une buanderie, une chaufferie, un porche d&#8217;entrée de 3 m2, plusieurs terrasses et une piscine de 10,45 x 3,25. Il y aura également un appartement pour les invités.<br />
La finca a une superficie de 17 631 m2 et est située dans un endroit calme et bien desservi, près du village et avec la possibilité de se connecter à l&#8217;eau et à la géothermie. Le terrain est clôturé et dispose d&#8217;une cabane ancienne qui peut être conservée comme élément décoratif ou de stockage. Le terrain vous permet de profiter de deux environnements différents séparés par une forêt : l&#8217;un où se trouve la maison et la piscine, avec vue sur les montagnes et sans aucun obstacle entravant la vue, l&#8217;autre où vous pourrez avoir des animaux. De plus, la finca est très calme et vous permettra de vous détendre et de vous déconnecter du stress quotidien. Ne manquez pas cette opportunité unique d&#8217;avoir la maison de vos rêves dans un environnement privilégié. Il est prévu que le permis soit disponible bientôt et que la construction puisse commencer immédiatement. Contactez-nous et nous vous fournirons plus d&#8217;informations sur cette finca rustique avec projet. Nous vous attendons !<br />
Notre entreprise bénéficie d&#8217;une expérience professionnelle d&#8217;environ 30 ans dans le nord-est de Majorque, offrant des services immobiliers avec dévouement, transparence et connaissance du marché local. De même, veuillez noter que Gabriel Pascual Font est inscrit à l&#8217;Association baléare des conseillers immobiliers sous le numéro 1260, et est inscrit au Registre des agents immobiliers des Baléares (RAIIB) sous le numéro GOIBE787033/2024, satisfaisant ainsi aux exigences légales et professionnelles requises pour l&#8217;exercice de l&#8217;activité.<br />
Informations légales et transparence économique&#8221;,</p>
<p>INFORMATIONS CONFORMÉMENT À ART. 20 DU TRLGDCU<br />
Le prix de vente publié ne constitue pas une offre contraignante et n&#8217;inclut pas les frais et impôts liés à l&#8217;achat. Fiscalité: l&#8217;opération est en principe soumise à l&#8217;ITP. Frais d&#8217;acquisition approximatifs : ITP (8 % &#8211; 10 %) : 24 800 €. Notaire et enregistrement : entre 0,2 % et 0,5 %, soit 1 600 €. Administration: 500 €. Total approximatif : 27 000 €. Les frais d&#8217;agence sont à la charge du vendeur sauf accord contraire entre les parties. Le prix final, taxes comprises, peut dépendre de la situation fiscale de l&#8217;acheteur. Le supplément de valeur municipale est à la charge du vendeur. Les impôts fonciers et la taxe sur les déchets seront répartis en fonction de la date d&#8217;achat.</p>

<p>Finca rustique avec un projet de rêve Vous rêvez de vivre dans une maison de campagne avec tout le confort et entourée par la nature ? C&#8217;est l&#8217;occasion d&#8217;acquérir une finca rustique avec un projet approuvé pour construire un rez-de-chaussée de 295 m2 habitables comprenant quatre chambres, dont deux en suite, une salle de bains, [&hellip;]</p>
