{"id":146745,"date":"2025-09-27T16:12:19","date_gmt":"2025-09-27T16:10:50","guid":{"rendered":"https:\/\/immopascual.com\/propiedad\/casa-con-terraza-y-garaje-a-reformar-en-santa-margalida\/"},"modified":"2026-04-20T06:53:27","modified_gmt":"2026-04-20T06:53:27","slug":"maison-avec-terrasse-et-garage-a-renover-a-santa-margalida","status":"publish","type":"property","link":"https:\/\/immopascual.com\/fr\/propiedad\/maison-avec-terrasse-et-garage-a-renover-a-santa-margalida\/","title":{"rendered":"Maison avec terrasse et garage \u00e0 r\u00e9nover \u00e0 Santa Margalida"},"content":{"rendered":"<p>\u00c0 Santa Margalida, sur la place de la Vila, maison d&#8217;angle d&#8217;environ 171 m2 \u00e0 r\u00e9nover enti\u00e8rement. Les points positifs de cette maison sont la vue depuis la terrasse, le garage double au rez-de-chauss\u00e9e et la lumi\u00e8re qui entre par les fen\u00eatres, ainsi que la possibilit\u00e9 d&#8217;installer un ascenseur sans perdre trop d&#8217;espace. Au rez-de-chauss\u00e9e, il y a l&#8217;entr\u00e9e, \u00e0 droite le garage double devant l&#8217;escalier, derri\u00e8re l&#8217;escalier un d\u00e9barras et un petit puits de lumi\u00e8re, au demi-\u00e9tage, il y a une pi\u00e8ce d&#8217;environ 10 m2. En arrivant \u00e0 l&#8217;\u00e9tage principal, il y a deux pi\u00e8ces avec fen\u00eatres, une avec balcon et une pi\u00e8ce int\u00e9rieure, au deuxi\u00e8me \u00e9tage, il y a 3 chambres, un distributeur depuis lequel on acc\u00e8de \u00e0 la terrasse avec vue sur la montagne. C&#8217;est une maison qui n&#8217;a ni cuisine ni salle de bains, qui n&#8217;est pas habitable mais l&#8217;emplacement est fantastique, pr\u00e8s du c\u0153ur du village. Il est possible de convertir tout ou partie du garage en local commercial selon vos besoins. Notre entreprise b\u00e9n\u00e9ficie d&#8217;une exp\u00e9rience professionnelle d&#8217;environ 30 ans dans la r\u00e9gion nord-est de Majorque, offrant des services immobiliers avec d\u00e9vouement, transparence et connaissance du march\u00e9 local. Il est \u00e9galement pr\u00e9cis\u00e9 que Gabriel Pascual Font est membre de l&#8217;Association des conseillers immobiliers des Bal\u00e9ares sous le num\u00e9ro 1260 et est inscrit au Registre des agents immobiliers des Bal\u00e9ares (RAIIB) sous le num\u00e9ro GOIBE787033\/2024, respectant ainsi les exigences l\u00e9gales et professionnelles n\u00e9cessaires \u00e0 l&#8217;exercice de l&#8217;activit\u00e9. Informations l\u00e9gales et transparence \u00e9conomique. NOTE D&#8217;INFORMATION CONFORM\u00c9MENT \u00c0 L&#8217;ART. 20 DU TRLGDCU Le prix de vente publi\u00e9 ne constitue pas une offre contraignante et n&#8217;inclut pas les frais et imp\u00f4ts r\u00e9sultant de la vente. Fiscalit\u00e9 : l&#8217;op\u00e9ration est en principe soumise \u00e0 l&#8217;ITP. Frais d&#8217;acquisition approximatifs : ITP (8 % &#8211; 10 %) : ici 21200 \u20ac Notaire et enregistrement : ENVIRON 1100 \u20ac Gestion : 300 \u20ac Total approximatif 24 000 euros. Dans les cas de ventes de maisons meubl\u00e9es, il est possible d&#8217;incorporer un inventaire d\u00e9taill\u00e9 des meubles et biens remis \u00e0 l&#8217;acheteur. Cet inventaire peut \u00eatre annex\u00e9 \u00e0 l&#8217;acte de vente le jour de la signature. Lorsque la valeur des meubles ne d\u00e9passe pas 10 % de la valeur totale du bien, l&#8217;administration fiscale consid\u00e8re g\u00e9n\u00e9ralement cette \u00e9valuation comme raisonnable et proportionn\u00e9e. Les meubles inclus dans la transaction ne font pas partie de la vente immobili\u00e8re et ne sont donc pas soumis au taux de l&#8217;ITP applicable aux biens immobiliers. Au lieu de cela, ils sont tax\u00e9s comme une vente de biens meubles au taux de 4 %, qui est \u00e0 la charge de l&#8217;acheteur.<\/p>\n","protected":false},"excerpt":{"rendered":"<p>\u00c0 Santa Margalida, sur la place de la Vila, maison d&#8217;angle d&#8217;environ 171 m2 \u00e0 r\u00e9nover enti\u00e8rement. Les points positifs de cette maison sont la vue depuis la terrasse, le garage double au rez-de-chauss\u00e9e et la lumi\u00e8re qui entre par les fen\u00eatres, ainsi que la possibilit\u00e9 d&#8217;installer un ascenseur sans perdre trop d&#8217;espace. Au rez-de-chauss\u00e9e, [&hellip;]<\/p>\n","protected":false},"author":1,"featured_media":146661,"parent":0,"menu_order":0,"template":"","property_type":[148],"property_status":[149,50],"property_feature":[],"property_label":[],"property_state":[150],"property_city":[13,167],"property_area":[239],"class_list":["post-146745","property","type-property","status-publish","has-post-thumbnail","hentry","property_type-casa-chalet-fr","property_status-venta-fr","property_status-venta","property_state-mallorca-fr","property_city-santa-margalida","property_city-santa-margalida-fr","property_area-santa-margalida-fr"],"acf":[],"aioseo_notices":[],"property_meta":{"fave_property_id":["C1469"],"fave_property_price":["265000.00"],"fave_property_bedrooms":["3"],"fave_property_bathrooms":["1"],"fave_property_size":["171"],"fave_property_land":["53"],"fave_property_year":["1890"],"fave_video_url":["https:\/\/players.brightcove.net\/90843144001\/SJNAcllVe_default\/index.html?videoId=6373171583112"],"fave_property_images":["146661","146666","146671","146676","146681","146686","146691","146696","146701","146706","146711","146716","146721","146726","146731","146736","146749","146754","146759","146764","146769","146774","146779","146784","146789","146794","146799","146804","146809","146814"],"fave_featured":["1"],"_icl_lang_duplicate_of":["146660"],"_thumbnail_id":["146661"],"_wpml_word_count":["457"],"houzez_total_property_views":["334"],"houzez_views_by_date":["a:61:{s:10:\"12-24-2025\";i:1;s:10:\"12-26-2025\";i:1;s:10:\"12-29-2025\";i:1;s:10:\"12-31-2025\";i:3;s:10:\"01-03-2026\";i:1;s:10:\"01-05-2026\";i:1;s:10:\"01-06-2026\";i:2;s:10:\"01-09-2026\";i:1;s:10:\"01-10-2026\";i:3;s:10:\"01-11-2026\";i:3;s:10:\"01-12-2026\";i:2;s:10:\"01-13-2026\";i:2;s:10:\"01-17-2026\";i:1;s:10:\"01-20-2026\";i:1;s:10:\"01-24-2026\";i:1;s:10:\"01-25-2026\";i:1;s:10:\"02-01-2026\";i:2;s:10:\"02-03-2026\";i:2;s:10:\"02-04-2026\";i:3;s:10:\"02-06-2026\";i:2;s:10:\"02-08-2026\";i:1;s:10:\"02-09-2026\";i:2;s:10:\"02-13-2026\";i:5;s:10:\"02-14-2026\";i:1;s:10:\"02-16-2026\";i:1;s:10:\"02-17-2026\";i:1;s:10:\"02-18-2026\";i:1;s:10:\"02-20-2026\";i:2;s:10:\"02-22-2026\";i:1;s:10:\"02-24-2026\";i:1;s:10:\"02-25-2026\";i:1;s:10:\"02-27-2026\";i:2;s:10:\"02-28-2026\";i:1;s:10:\"03-04-2026\";i:1;s:10:\"03-05-2026\";i:1;s:10:\"03-09-2026\";i:2;s:10:\"03-11-2026\";i:3;s:10:\"03-12-2026\";i:2;s:10:\"03-13-2026\";i:1;s:10:\"03-14-2026\";i:1;s:10:\"03-16-2026\";i:1;s:10:\"03-17-2026\";i:1;s:10:\"03-22-2026\";i:2;s:10:\"03-23-2026\";i:2;s:10:\"03-24-2026\";i:1;s:10:\"03-28-2026\";i:2;s:10:\"03-29-2026\";i:1;s:10:\"04-03-2026\";i:1;s:10:\"04-04-2026\";i:1;s:10:\"04-07-2026\";i:1;s:10:\"04-08-2026\";i:1;s:10:\"04-10-2026\";i:2;s:10:\"04-12-2026\";i:2;s:10:\"04-14-2026\";i:1;s:10:\"04-16-2026\";i:3;s:10:\"04-17-2026\";i:2;s:10:\"04-20-2026\";i:3;s:10:\"04-22-2026\";i:2;s:10:\"04-24-2026\";i:1;s:10:\"04-25-2026\";i:2;s:10:\"04-26-2026\";i:3;}"],"houzez_recently_viewed":["2026-04-26 18:34:22"],"lastUpdate":["2026-04-14T12:10:05.237"]},"_links":{"self":[{"href":"https:\/\/immopascual.com\/fr\/wp-json\/wp\/v2\/properties\/146745","targetHints":{"allow":["GET"]}}],"collection":[{"href":"https:\/\/immopascual.com\/fr\/wp-json\/wp\/v2\/properties"}],"about":[{"href":"https:\/\/immopascual.com\/fr\/wp-json\/wp\/v2\/types\/property"}],"author":[{"embeddable":true,"href":"https:\/\/immopascual.com\/fr\/wp-json\/wp\/v2\/users\/1"}],"version-history":[{"count":2,"href":"https:\/\/immopascual.com\/fr\/wp-json\/wp\/v2\/properties\/146745\/revisions"}],"predecessor-version":[{"id":154011,"href":"https:\/\/immopascual.com\/fr\/wp-json\/wp\/v2\/properties\/146745\/revisions\/154011"}],"wp:featuredmedia":[{"embeddable":true,"href":"https:\/\/immopascual.com\/fr\/wp-json\/wp\/v2\/media\/146661"}],"wp:attachment":[{"href":"https:\/\/immopascual.com\/fr\/wp-json\/wp\/v2\/media?parent=146745"}],"wp:term":[{"taxonomy":"property_type","embeddable":true,"href":"https:\/\/immopascual.com\/fr\/wp-json\/wp\/v2\/property_type?post=146745"},{"taxonomy":"property_status","embeddable":true,"href":"https:\/\/immopascual.com\/fr\/wp-json\/wp\/v2\/property_status?post=146745"},{"taxonomy":"property_feature","embeddable":true,"href":"https:\/\/immopascual.com\/fr\/wp-json\/wp\/v2\/property_feature?post=146745"},{"taxonomy":"property_label","embeddable":true,"href":"https:\/\/immopascual.com\/fr\/wp-json\/wp\/v2\/property_label?post=146745"},{"taxonomy":"property_state","embeddable":true,"href":"https:\/\/immopascual.com\/fr\/wp-json\/wp\/v2\/property_state?post=146745"},{"taxonomy":"property_city","embeddable":true,"href":"https:\/\/immopascual.com\/fr\/wp-json\/wp\/v2\/property_city?post=146745"},{"taxonomy":"property_area","embeddable":true,"href":"https:\/\/immopascual.com\/fr\/wp-json\/wp\/v2\/property_area?post=146745"}],"curies":[{"name":"wp","href":"https:\/\/api.w.org\/{rel}","templated":true}]}}

Maison avec terrasse et garage à rénover à Santa Margalida

<p>À Santa Margalida, sur la place de la Vila, maison d&#8217;angle d&#8217;environ 171 m2 à rénover entièrement. Les points positifs de cette maison sont la vue depuis la terrasse, le garage double au rez-de-chaussée et la lumière qui entre par les fenêtres, ainsi que la possibilité d&#8217;installer un ascenseur sans perdre trop d&#8217;espace. Au rez-de-chaussée, il y a l&#8217;entrée, à droite le garage double devant l&#8217;escalier, derrière l&#8217;escalier un débarras et un petit puits de lumière, au demi-étage, il y a une pièce d&#8217;environ 10 m2. En arrivant à l&#8217;étage principal, il y a deux pièces avec fenêtres, une avec balcon et une pièce intérieure, au deuxième étage, il y a 3 chambres, un distributeur depuis lequel on accède à la terrasse avec vue sur la montagne. C&#8217;est une maison qui n&#8217;a ni cuisine ni salle de bains, qui n&#8217;est pas habitable mais l&#8217;emplacement est fantastique, près du cœur du village. Il est possible de convertir tout ou partie du garage en local commercial selon vos besoins. Notre entreprise bénéficie d&#8217;une expérience professionnelle d&#8217;environ 30 ans dans la région nord-est de Majorque, offrant des services immobiliers avec dévouement, transparence et connaissance du marché local. Il est également précisé que Gabriel Pascual Font est membre de l&#8217;Association des conseillers immobiliers des Baléares sous le numéro 1260 et est inscrit au Registre des agents immobiliers des Baléares (RAIIB) sous le numéro GOIBE787033/2024, respectant ainsi les exigences légales et professionnelles nécessaires à l&#8217;exercice de l&#8217;activité. Informations légales et transparence économique. NOTE D&#8217;INFORMATION CONFORMÉMENT À L&#8217;ART. 20 DU TRLGDCU Le prix de vente publié ne constitue pas une offre contraignante et n&#8217;inclut pas les frais et impôts résultant de la vente. Fiscalité : l&#8217;opération est en principe soumise à l&#8217;ITP. Frais d&#8217;acquisition approximatifs : ITP (8 % &#8211; 10 %) : ici 21200 € Notaire et enregistrement : ENVIRON 1100 € Gestion : 300 € Total approximatif 24 000 euros. Dans les cas de ventes de maisons meublées, il est possible d&#8217;incorporer un inventaire détaillé des meubles et biens remis à l&#8217;acheteur. Cet inventaire peut être annexé à l&#8217;acte de vente le jour de la signature. Lorsque la valeur des meubles ne dépasse pas 10 % de la valeur totale du bien, l&#8217;administration fiscale considère généralement cette évaluation comme raisonnable et proportionnée. Les meubles inclus dans la transaction ne font pas partie de la vente immobilière et ne sont donc pas soumis au taux de l&#8217;ITP applicable aux biens immobiliers. Au lieu de cela, ils sont taxés comme une vente de biens meubles au taux de 4 %, qui est à la charge de l&#8217;acheteur.</p>

<p>À Santa Margalida, sur la place de la Vila, maison d&#8217;angle d&#8217;environ 171 m2 à rénover entièrement. Les points positifs de cette maison sont la vue depuis la terrasse, le garage double au rez-de-chaussée et la lumière qui entre par les fenêtres, ainsi que la possibilité d&#8217;installer un ascenseur sans perdre trop d&#8217;espace. Au rez-de-chaussée, [&hellip;]</p>
