{"id":152271,"date":"2026-02-19T12:58:59","date_gmt":"2026-02-19T12:58:38","guid":{"rendered":"https:\/\/immopascual.com\/propiedad\/chalet-con-piscina-cubierta-en-sa-coma\/"},"modified":"2026-04-22T06:53:33","modified_gmt":"2026-04-22T06:53:33","slug":"maison-mitoyenne-avec-piscine-a-sa-coma","status":"publish","type":"property","link":"https:\/\/immopascual.com\/fr\/propiedad\/maison-mitoyenne-avec-piscine-a-sa-coma\/","title":{"rendered":"Maison mitoyenne avec piscine \u00e0 Sa Coma"},"content":{"rendered":"<p>\u00c0 Sa Coma, proche de toutes les commodit\u00e9s, maison mitoyenne enti\u00e8rement r\u00e9nov\u00e9e. Elle dispose du chauffage au gaz de ville, de la climatisation, du double vitrage, d&#8217;une piscine dans un jardin de 746 m2 o\u00f9 vous trouverez des oranges, des pamplemousses, des pommes, des oliviers et des vignes noires.<br \/>\nLa maison vous offre un peu plus de 200 m2 r\u00e9partis dans une entr\u00e9e accueillante de 18 m2, un salon avec chemin\u00e9e et climatisation, donnant sur le porche avant et offrant une vue sur l&#8217;olivier centenaire magnifique. La cuisine est s\u00e9par\u00e9e et vous propose 15 m2 meubl\u00e9s de mani\u00e8re confortable pour cuisiner, la buanderie fait environ 4 m2 et donne sur la terrasse arri\u00e8re qui vous permet de d\u00eener devant la piscine. Cette terrasse est \u00e9quip\u00e9e d&#8217;un auvent \u00e9lectrique pour vous prot\u00e9ger du soleil estival.<br \/>\nDu c\u00f4t\u00e9 nuit du rez-de-chauss\u00e9e, nous trouvons deux chambres doubles, l&#8217;une avec un placard int\u00e9gr\u00e9, un dressing ind\u00e9pendant, un bureau qui pourrait \u00e9galement \u00eatre une chambre et une salle de bains avec baignoire. La partie nuit dispose \u00e9galement d&#8217;une entr\u00e9e ind\u00e9pendante donnant acc\u00e8s \u00e0 la piscine.<br \/>\nAu premier \u00e9tage, une suite commence par un dressing de 15 m2, une pi\u00e8ce ouverte d&#8217;environ 15 m2 avec acc\u00e8s \u00e0 une terrasse priv\u00e9e, une chambre avec salle de bains compl\u00e8te en suite avec grande douche et baignoire r\u00e9tro Roca \u00e0 pattes de lion. La terrasse de la chambre est \u00e9quip\u00e9e d&#8217;un auvent \u00e9lectrique et est orient\u00e9e sud-ouest, ce qui en fait une terrasse tr\u00e8s agr\u00e9able en hiver. La maison dispose du chauffage central au gaz, de la climatisation dans les pi\u00e8ces principales, de ventilateurs de plafond, d&#8217;une alarme, d&#8217;auvents \u00e9lectriques sur les terrasses, de volets en aluminium, de fen\u00eatres en PVC, d&#8217;un porche avec auvents pour le fermer en hiver et ainsi \u00e9viter l&#8217;humidit\u00e9. La maison peut \u00eatre vendue meubl\u00e9e et \u00e9quip\u00e9e. D\u00e9barras d&#8217;environ 12 m2.<br \/>\nNotre entreprise b\u00e9n\u00e9ficie d&#8217;une exp\u00e9rience professionnelle d&#8217;environ 30 ans dans la r\u00e9gion nord-est de Majorque, offrant des services immobiliers avec d\u00e9vouement, transparence et connaissance du march\u00e9 local.<br \/>\nIl est \u00e9galement pr\u00e9cis\u00e9 que Gabriel Pascual Font est membre de l&#8217;Association des Consultants Immobiliers des Bal\u00e9ares sous le num\u00e9ro 1260, et est inscrit au Registre des Agents Immobiliers des \u00celes Bal\u00e9ares (RAIIB) sous le num\u00e9ro GOIBE787033\/2024, remplissant ainsi les exigences l\u00e9gales et professionnelles requises pour l&#8217;exercice de l&#8217;activit\u00e9. Informations l\u00e9gales et transparence \u00e9conomique,<\/p>\n<p>AVIS CONFORM\u00c9MENT \u00c0 L&#8217;ART. 20 TRLGDCU<br \/>\nLe prix de vente publi\u00e9 ne constitue pas une offre contraignante et ne comprend pas les frais et imp\u00f4ts r\u00e9sultant de la vente.<br \/>\nFiscalit\u00e9 : L&#8217;op\u00e9ration est en principe soumise \u00e0 l&#8217;ITP.<br \/>\nFrais d&#8217;acquisition approximatifs :<br \/>\nITP (8% &#8211; 10 %) : ici 67500<br \/>\nNotaire et enregistrement : entre 0,2 et 0,5 % 3000<br \/>\nGestion : 1000 \u20ac<\/p>\n<p>Total approximatif 72 000 euros<\/p>\n<p>Dans le cas des transmissions de biens immobiliers meubl\u00e9s, il est possible d&#8217;incorporer un inventaire d\u00e9taill\u00e9 des meubles et ustensiles remis \u00e0 l&#8217;acheteur. Cet inventaire peut \u00eatre joint en annexe \u00e0 l&#8217;acte notari\u00e9 le jour de la signature.<br \/>\nLorsque la valeur des meubles ne d\u00e9passe pas 10 % de la valeur totale du bien, l&#8217;administration fiscale consid\u00e8re g\u00e9n\u00e9ralement cette \u00e9valuation comme raisonnable et proportionn\u00e9e.<br \/>\nLes meubles inclus dans l&#8217;op\u00e9ration ne font pas partie de la transmission immobili\u00e8re et ne sont donc pas soumis au taux d&#8217;ITP applicable aux biens immobiliers. \u00c0 la place, ils sont impos\u00e9s comme une transmission de biens meubles au taux de 4 %, qui revient \u00e0 l&#8217;acheteur.<br \/>\nPour le vendeur, la transmission de meubles \u00e0 usage domestique ne g\u00e9n\u00e8re pas de plus-value dans l&#8217;IRPF, conform\u00e9ment \u00e0 l&#8217;article 33.4 de la loi sur l&#8217;imp\u00f4t sur le revenu des personnes physiques.<\/p>\n<p>Les honoraires de l&#8217;agence immobili\u00e8re sont \u00e0 la charge du vendeur sauf si les parties conviennent d&#8217;une autre modalit\u00e9.<br \/>\nLe prix final taxes incluses peut d\u00e9pendre de la situation fiscale de l&#8217;acheteur. La plus-value communale est \u00e0 la charge du vendeur. La taxe fonci\u00e8re et la taxe sur les ordures seront proratis\u00e9es en fonction de la date d&#8217;achat.<\/p>\n","protected":false},"excerpt":{"rendered":"<p>\u00c0 Sa Coma, proche de toutes les commodit\u00e9s, maison mitoyenne enti\u00e8rement r\u00e9nov\u00e9e. Elle dispose du chauffage au gaz de ville, de la climatisation, du double vitrage, d&#8217;une piscine dans un jardin de 746 m2 o\u00f9 vous trouverez des oranges, des pamplemousses, des pommes, des oliviers et des vignes noires. La maison vous offre un peu [&hellip;]<\/p>\n","protected":false},"author":1,"featured_media":152257,"parent":0,"menu_order":0,"template":"","property_type":[148],"property_status":[149,50],"property_feature":[],"property_label":[],"property_state":[150],"property_city":[516,522],"property_area":[523],"class_list":["post-152271","property","type-property","status-publish","has-post-thumbnail","hentry","property_type-casa-chalet-fr","property_status-venta-fr","property_status-venta","property_state-mallorca-fr","property_city-sa-coma","property_city-sa-coma-fr","property_area-sa-coma-fr"],"acf":[],"aioseo_notices":[],"property_meta":{"fave_property_id":["C1493"],"fave_property_price":["747000.00"],"fave_property_bedrooms":["4"],"fave_property_bathrooms":["2"],"fave_property_size":["225"],"fave_property_land":["746"],"fave_property_year":["1986"],"fave_video_url":["https:\/\/youtu.be\/M_LGgTES38k"],"fave_property_images":["152257","152262","152613","152618","152623","152628","152633","152638","152643","152648","152658","152664","152669","152674","152679","152684","152689","152694","152699","152704","152709","152714","152719","152724","152729","152734","152739","152744","152749","152754","152759","152764","152769","152774","152779","152784","152789","152794","152799","152804","152809","152814","152819","152824","152829","152834","152839","152844","152849","152854","153788","155063","155068","155073","155078","155083","155088","155093","155098","155103","155108"],"fave_featured":["1"],"_icl_lang_duplicate_of":["152256"],"_thumbnail_id":["152257"],"_wpml_word_count":["702"],"houzez_total_property_views":["102"],"houzez_views_by_date":["a:52:{s:10:\"02-19-2026\";i:5;s:10:\"02-20-2026\";i:2;s:10:\"02-21-2026\";i:2;s:10:\"02-22-2026\";i:2;s:10:\"02-23-2026\";i:1;s:10:\"02-24-2026\";i:1;s:10:\"02-25-2026\";i:1;s:10:\"02-26-2026\";i:1;s:10:\"02-27-2026\";i:5;s:10:\"02-28-2026\";i:1;s:10:\"03-01-2026\";i:1;s:10:\"03-03-2026\";i:2;s:10:\"03-04-2026\";i:2;s:10:\"03-05-2026\";i:2;s:10:\"03-06-2026\";i:1;s:10:\"03-07-2026\";i:1;s:10:\"03-08-2026\";i:1;s:10:\"03-09-2026\";i:1;s:10:\"03-10-2026\";i:1;s:10:\"03-11-2026\";i:3;s:10:\"03-12-2026\";i:1;s:10:\"03-14-2026\";i:2;s:10:\"03-15-2026\";i:1;s:10:\"03-16-2026\";i:2;s:10:\"03-18-2026\";i:4;s:10:\"03-19-2026\";i:5;s:10:\"03-20-2026\";i:1;s:10:\"03-24-2026\";i:6;s:10:\"03-25-2026\";i:2;s:10:\"03-26-2026\";i:2;s:10:\"03-28-2026\";i:2;s:10:\"03-29-2026\";i:2;s:10:\"03-30-2026\";i:1;s:10:\"03-31-2026\";i:3;s:10:\"04-01-2026\";i:2;s:10:\"04-06-2026\";i:1;s:10:\"04-07-2026\";i:3;s:10:\"04-08-2026\";i:2;s:10:\"04-10-2026\";i:1;s:10:\"04-12-2026\";i:1;s:10:\"04-13-2026\";i:1;s:10:\"04-15-2026\";i:2;s:10:\"04-16-2026\";i:3;s:10:\"04-17-2026\";i:1;s:10:\"04-20-2026\";i:5;s:10:\"04-21-2026\";i:1;s:10:\"04-22-2026\";i:1;s:10:\"04-23-2026\";i:1;s:10:\"04-25-2026\";i:3;s:10:\"04-26-2026\";i:2;s:10:\"04-28-2026\";i:1;s:10:\"04-29-2026\";i:1;}"],"houzez_recently_viewed":["2026-04-29 04:27:19"],"fave_virtual_tour":["<iframe src=\"https:\/\/kuula.co\/share\/collection\/7H7YT?logo=-1&info=0&fs=1&vr=0&sd=0&autorotate=0\" style=\"width:100%\"><\/iframe>"],"lastUpdate":["2026-04-20T18:30:49.767"],"fave_energy_class":["D"],"fave_energy_global_index":["124.80KW h\/m2 a\u00f1o"]},"_links":{"self":[{"href":"https:\/\/immopascual.com\/fr\/wp-json\/wp\/v2\/properties\/152271","targetHints":{"allow":["GET"]}}],"collection":[{"href":"https:\/\/immopascual.com\/fr\/wp-json\/wp\/v2\/properties"}],"about":[{"href":"https:\/\/immopascual.com\/fr\/wp-json\/wp\/v2\/types\/property"}],"author":[{"embeddable":true,"href":"https:\/\/immopascual.com\/fr\/wp-json\/wp\/v2\/users\/1"}],"version-history":[{"count":3,"href":"https:\/\/immopascual.com\/fr\/wp-json\/wp\/v2\/properties\/152271\/revisions"}],"predecessor-version":[{"id":154177,"href":"https:\/\/immopascual.com\/fr\/wp-json\/wp\/v2\/properties\/152271\/revisions\/154177"}],"wp:featuredmedia":[{"embeddable":true,"href":"https:\/\/immopascual.com\/fr\/wp-json\/wp\/v2\/media\/152257"}],"wp:attachment":[{"href":"https:\/\/immopascual.com\/fr\/wp-json\/wp\/v2\/media?parent=152271"}],"wp:term":[{"taxonomy":"property_type","embeddable":true,"href":"https:\/\/immopascual.com\/fr\/wp-json\/wp\/v2\/property_type?post=152271"},{"taxonomy":"property_status","embeddable":true,"href":"https:\/\/immopascual.com\/fr\/wp-json\/wp\/v2\/property_status?post=152271"},{"taxonomy":"property_feature","embeddable":true,"href":"https:\/\/immopascual.com\/fr\/wp-json\/wp\/v2\/property_feature?post=152271"},{"taxonomy":"property_label","embeddable":true,"href":"https:\/\/immopascual.com\/fr\/wp-json\/wp\/v2\/property_label?post=152271"},{"taxonomy":"property_state","embeddable":true,"href":"https:\/\/immopascual.com\/fr\/wp-json\/wp\/v2\/property_state?post=152271"},{"taxonomy":"property_city","embeddable":true,"href":"https:\/\/immopascual.com\/fr\/wp-json\/wp\/v2\/property_city?post=152271"},{"taxonomy":"property_area","embeddable":true,"href":"https:\/\/immopascual.com\/fr\/wp-json\/wp\/v2\/property_area?post=152271"}],"curies":[{"name":"wp","href":"https:\/\/api.w.org\/{rel}","templated":true}]}}

Maison mitoyenne avec piscine à Sa Coma

<p>À Sa Coma, proche de toutes les commodités, maison mitoyenne entièrement rénovée. Elle dispose du chauffage au gaz de ville, de la climatisation, du double vitrage, d&#8217;une piscine dans un jardin de 746 m2 où vous trouverez des oranges, des pamplemousses, des pommes, des oliviers et des vignes noires.<br />
La maison vous offre un peu plus de 200 m2 répartis dans une entrée accueillante de 18 m2, un salon avec cheminée et climatisation, donnant sur le porche avant et offrant une vue sur l&#8217;olivier centenaire magnifique. La cuisine est séparée et vous propose 15 m2 meublés de manière confortable pour cuisiner, la buanderie fait environ 4 m2 et donne sur la terrasse arrière qui vous permet de dîner devant la piscine. Cette terrasse est équipée d&#8217;un auvent électrique pour vous protéger du soleil estival.<br />
Du côté nuit du rez-de-chaussée, nous trouvons deux chambres doubles, l&#8217;une avec un placard intégré, un dressing indépendant, un bureau qui pourrait également être une chambre et une salle de bains avec baignoire. La partie nuit dispose également d&#8217;une entrée indépendante donnant accès à la piscine.<br />
Au premier étage, une suite commence par un dressing de 15 m2, une pièce ouverte d&#8217;environ 15 m2 avec accès à une terrasse privée, une chambre avec salle de bains complète en suite avec grande douche et baignoire rétro Roca à pattes de lion. La terrasse de la chambre est équipée d&#8217;un auvent électrique et est orientée sud-ouest, ce qui en fait une terrasse très agréable en hiver. La maison dispose du chauffage central au gaz, de la climatisation dans les pièces principales, de ventilateurs de plafond, d&#8217;une alarme, d&#8217;auvents électriques sur les terrasses, de volets en aluminium, de fenêtres en PVC, d&#8217;un porche avec auvents pour le fermer en hiver et ainsi éviter l&#8217;humidité. La maison peut être vendue meublée et équipée. Débarras d&#8217;environ 12 m2.<br />
Notre entreprise bénéficie d&#8217;une expérience professionnelle d&#8217;environ 30 ans dans la région nord-est de Majorque, offrant des services immobiliers avec dévouement, transparence et connaissance du marché local.<br />
Il est également précisé que Gabriel Pascual Font est membre de l&#8217;Association des Consultants Immobiliers des Baléares sous le numéro 1260, et est inscrit au Registre des Agents Immobiliers des Îles Baléares (RAIIB) sous le numéro GOIBE787033/2024, remplissant ainsi les exigences légales et professionnelles requises pour l&#8217;exercice de l&#8217;activité. Informations légales et transparence économique,</p>
<p>AVIS CONFORMÉMENT À L&#8217;ART. 20 TRLGDCU<br />
Le prix de vente publié ne constitue pas une offre contraignante et ne comprend pas les frais et impôts résultant de la vente.<br />
Fiscalité : L&#8217;opération est en principe soumise à l&#8217;ITP.<br />
Frais d&#8217;acquisition approximatifs :<br />
ITP (8% &#8211; 10 %) : ici 67500<br />
Notaire et enregistrement : entre 0,2 et 0,5 % 3000<br />
Gestion : 1000 €</p>
<p>Total approximatif 72 000 euros</p>
<p>Dans le cas des transmissions de biens immobiliers meublés, il est possible d&#8217;incorporer un inventaire détaillé des meubles et ustensiles remis à l&#8217;acheteur. Cet inventaire peut être joint en annexe à l&#8217;acte notarié le jour de la signature.<br />
Lorsque la valeur des meubles ne dépasse pas 10 % de la valeur totale du bien, l&#8217;administration fiscale considère généralement cette évaluation comme raisonnable et proportionnée.<br />
Les meubles inclus dans l&#8217;opération ne font pas partie de la transmission immobilière et ne sont donc pas soumis au taux d&#8217;ITP applicable aux biens immobiliers. À la place, ils sont imposés comme une transmission de biens meubles au taux de 4 %, qui revient à l&#8217;acheteur.<br />
Pour le vendeur, la transmission de meubles à usage domestique ne génère pas de plus-value dans l&#8217;IRPF, conformément à l&#8217;article 33.4 de la loi sur l&#8217;impôt sur le revenu des personnes physiques.</p>
<p>Les honoraires de l&#8217;agence immobilière sont à la charge du vendeur sauf si les parties conviennent d&#8217;une autre modalité.<br />
Le prix final taxes incluses peut dépendre de la situation fiscale de l&#8217;acheteur. La plus-value communale est à la charge du vendeur. La taxe foncière et la taxe sur les ordures seront proratisées en fonction de la date d&#8217;achat.</p>

<p>À Sa Coma, proche de toutes les commodités, maison mitoyenne entièrement rénovée. Elle dispose du chauffage au gaz de ville, de la climatisation, du double vitrage, d&#8217;une piscine dans un jardin de 746 m2 où vous trouverez des oranges, des pamplemousses, des pommes, des oliviers et des vignes noires. La maison vous offre un peu [&hellip;]</p>

124.80KW h/m2 año
