{"id":153686,"date":"2026-02-20T10:55:54","date_gmt":"2026-02-20T10:55:24","guid":{"rendered":"https:\/\/immopascual.com\/propiedad\/finca-vistas-mar-cerca-de-pula-golf\/"},"modified":"2026-04-20T07:00:40","modified_gmt":"2026-04-20T07:00:40","slug":"domaine-avec-vue-sur-la-mer-pres-du-golf-de-pula","status":"publish","type":"property","link":"https:\/\/immopascual.com\/fr\/propiedad\/domaine-avec-vue-sur-la-mer-pres-du-golf-de-pula\/","title":{"rendered":"Domaine avec vue sur la mer Pr\u00e8s du golf de Pula"},"content":{"rendered":"<p>Vous cherchez un domaine proche du golf avec vue sur la mer, c&#8217;est votre chance. Ce domaine en construction sur un terrain d&#8217;environ 21 000 m2 vous offre les avantages des anciens projets, une surface construite de 545 m2 et une grande piscine d&#8217;environ 44 m2. La maison est r\u00e9partie sur 3 \u00e9tages, le sous-sol d&#8217;environ 160 m2 vous permettra de garer au moins deux voitures, d&#8217;y avoir une cave, une salle de sport, du rangement&#8230; Au premier \u00e9tage, vous trouverez un grand hall d&#8217;entr\u00e9e donnant sur le salon de 55 m2 avec la cuisine de 18 m2, vous permettant de profiter de la vue sur la mer en cuisinant. Le salon s&#8217;ouvre sur une terrasse avec un porche et une pergola devant la piscine, orient\u00e9e sud-ouest pour profiter du soleil l&#8217;apr\u00e8s-midi avec une vue fantastique. \u00c0 gauche, il y a un studio avec un acc\u00e8s ind\u00e9pendant, des toilettes pour invit\u00e9s, 3 grandes chambres avec salle de bain. Au deuxi\u00e8me \u00e9tage, il y a 4 chambres, dont la suite principale d&#8217;environ 40 m2 avec dressing et salle de bain, et une terrasse priv\u00e9e donnant sur la montagne. De l&#8217;autre c\u00f4t\u00e9, une autre suite un peu plus petite mais aussi avec une chambre de 20 m2, un dressing et une salle de bain attenante, et un acc\u00e8s \u00e0 une terrasse priv\u00e9e avec vue sur le golf. Il y a un voisin \u00e0 proximit\u00e9 mais n&#8217;a pas de vue sur le domaine, c&#8217;est un domaine priv\u00e9 facilement accessible. Nous finirons selon vos pr\u00e9f\u00e9rences, le prix inclut certaines qualit\u00e9s et un mod\u00e8le de cuisine, mais tout cela peut \u00eatre adapt\u00e9, n&#8217;h\u00e9sitez pas \u00e0 nous demander les caract\u00e9ristiques, nous serons ravis de vous informer. Notre entreprise b\u00e9n\u00e9ficie d&#8217;une exp\u00e9rience professionnelle d&#8217;environ 30 ans dans la r\u00e9gion nord-est de Majorque, offrant des services immobiliers avec d\u00e9vouement, transparence et connaissance du march\u00e9 local. Il convient de noter que Gabriel Pascual Font est membre de l&#8217;Association des conseillers immobiliers des Bal\u00e9ares sous le num\u00e9ro 1260, et est inscrit au Registre des agents immobiliers des \u00eeles Bal\u00e9ares (RAIIB) sous le num\u00e9ro GOIBE787033\/2024, r\u00e9pondant ainsi aux exigences l\u00e9gales et professionnelles pour exercer l&#8217;activit\u00e9. Informations l\u00e9gales et transparence \u00e9conomique. <\/p>\n<p>INFORMATIONS CONFORMES \u00c0 L&#8217;ARTICLE 20 DU TRLGDCU Le prix de vente publi\u00e9 ne constitue pas une offre contraignante et n&#8217;inclut pas les frais et imp\u00f4ts li\u00e9s \u00e0 la vente. La vente est assujettie \u00e0 la TVA DE 10 % DU PRIX. Notaire et enregistrement environ 3000 EUROS. FRAIS DE VENTE 315.000 EUROS. Les frais d&#8217;agence sont \u00e0 la charge du vendeur sauf si les parties conviennent autrement. Le prix final, imp\u00f4ts inclus, peut d\u00e9pendre de la situation fiscale de l&#8217;acheteur. L&#8217;imp\u00f4t sur l&#8217;augmentation de la valeur du terrain urbain est \u00e0 la charge du vendeur. Les imp\u00f4ts fonciers et la taxe sur les ordures seront calcul\u00e9s en fonction de la date d&#8217;achat.<\/p>\n","protected":false},"excerpt":{"rendered":"<p>Vous cherchez un domaine proche du golf avec vue sur la mer, c&#8217;est votre chance. Ce domaine en construction sur un terrain d&#8217;environ 21 000 m2 vous offre les avantages des anciens projets, une surface construite de 545 m2 et une grande piscine d&#8217;environ 44 m2. La maison est r\u00e9partie sur 3 \u00e9tages, le sous-sol [&hellip;]<\/p>\n","protected":false},"author":1,"featured_media":153672,"parent":0,"menu_order":0,"template":"","property_type":[185],"property_status":[149,50],"property_feature":[],"property_label":[],"property_state":[150],"property_city":[103,191],"property_area":[207],"class_list":["post-153686","property","type-property","status-publish","has-post-thumbnail","hentry","property_type-finca-fr","property_status-venta-fr","property_status-venta","property_state-mallorca-fr","property_city-son-servera","property_city-son-servera-fr","property_area-son-servera-fr"],"acf":[],"aioseo_notices":[],"property_meta":{"fave_property_id":["C1488"],"fave_property_price":["3100000.00"],"fave_property_bedrooms":["7"],"fave_property_bathrooms":["7"],"fave_property_size":["545"],"fave_property_land":["21000"],"fave_property_year":["2025"],"fave_video_url":["https:\/\/players.brightcove.net\/90843144001\/SJNAcllVe_default\/index.html?videoId=6385136954112"],"fave_property_images":["153672","153677","153690","153695","153700","153705","153710","153715","153720","153725","153730","153735","153740","153745","153750","153755","153760","153765","153770","153775"],"fave_featured":["1"],"_icl_lang_duplicate_of":["153671"],"_thumbnail_id":["153672"],"_wpml_word_count":["474"],"houzez_total_property_views":["92"],"houzez_views_by_date":["a:48:{s:10:\"02-20-2026\";i:3;s:10:\"02-21-2026\";i:5;s:10:\"02-22-2026\";i:2;s:10:\"02-23-2026\";i:1;s:10:\"02-24-2026\";i:2;s:10:\"02-25-2026\";i:2;s:10:\"02-26-2026\";i:1;s:10:\"02-27-2026\";i:3;s:10:\"03-01-2026\";i:2;s:10:\"03-03-2026\";i:1;s:10:\"03-04-2026\";i:5;s:10:\"03-05-2026\";i:1;s:10:\"03-06-2026\";i:1;s:10:\"03-08-2026\";i:1;s:10:\"03-09-2026\";i:2;s:10:\"03-10-2026\";i:1;s:10:\"03-11-2026\";i:2;s:10:\"03-12-2026\";i:1;s:10:\"03-13-2026\";i:3;s:10:\"03-14-2026\";i:3;s:10:\"03-15-2026\";i:1;s:10:\"03-16-2026\";i:1;s:10:\"03-17-2026\";i:1;s:10:\"03-18-2026\";i:1;s:10:\"03-21-2026\";i:1;s:10:\"03-23-2026\";i:1;s:10:\"03-24-2026\";i:3;s:10:\"03-25-2026\";i:2;s:10:\"03-26-2026\";i:3;s:10:\"03-27-2026\";i:2;s:10:\"03-28-2026\";i:2;s:10:\"03-29-2026\";i:2;s:10:\"03-30-2026\";i:2;s:10:\"04-01-2026\";i:1;s:10:\"04-02-2026\";i:2;s:10:\"04-04-2026\";i:2;s:10:\"04-08-2026\";i:1;s:10:\"04-12-2026\";i:2;s:10:\"04-13-2026\";i:1;s:10:\"04-16-2026\";i:1;s:10:\"04-17-2026\";i:2;s:10:\"04-18-2026\";i:2;s:10:\"04-20-2026\";i:5;s:10:\"04-21-2026\";i:2;s:10:\"04-22-2026\";i:1;s:10:\"04-24-2026\";i:1;s:10:\"04-25-2026\";i:1;s:10:\"04-26-2026\";i:4;}"],"houzez_recently_viewed":["2026-04-26 17:12:15"],"lastUpdate":["2026-04-14T12:19:58.943"]},"_links":{"self":[{"href":"https:\/\/immopascual.com\/fr\/wp-json\/wp\/v2\/properties\/153686","targetHints":{"allow":["GET"]}}],"collection":[{"href":"https:\/\/immopascual.com\/fr\/wp-json\/wp\/v2\/properties"}],"about":[{"href":"https:\/\/immopascual.com\/fr\/wp-json\/wp\/v2\/types\/property"}],"author":[{"embeddable":true,"href":"https:\/\/immopascual.com\/fr\/wp-json\/wp\/v2\/users\/1"}],"version-history":[{"count":2,"href":"https:\/\/immopascual.com\/fr\/wp-json\/wp\/v2\/properties\/153686\/revisions"}],"predecessor-version":[{"id":154173,"href":"https:\/\/immopascual.com\/fr\/wp-json\/wp\/v2\/properties\/153686\/revisions\/154173"}],"wp:featuredmedia":[{"embeddable":true,"href":"https:\/\/immopascual.com\/fr\/wp-json\/wp\/v2\/media\/153672"}],"wp:attachment":[{"href":"https:\/\/immopascual.com\/fr\/wp-json\/wp\/v2\/media?parent=153686"}],"wp:term":[{"taxonomy":"property_type","embeddable":true,"href":"https:\/\/immopascual.com\/fr\/wp-json\/wp\/v2\/property_type?post=153686"},{"taxonomy":"property_status","embeddable":true,"href":"https:\/\/immopascual.com\/fr\/wp-json\/wp\/v2\/property_status?post=153686"},{"taxonomy":"property_feature","embeddable":true,"href":"https:\/\/immopascual.com\/fr\/wp-json\/wp\/v2\/property_feature?post=153686"},{"taxonomy":"property_label","embeddable":true,"href":"https:\/\/immopascual.com\/fr\/wp-json\/wp\/v2\/property_label?post=153686"},{"taxonomy":"property_state","embeddable":true,"href":"https:\/\/immopascual.com\/fr\/wp-json\/wp\/v2\/property_state?post=153686"},{"taxonomy":"property_city","embeddable":true,"href":"https:\/\/immopascual.com\/fr\/wp-json\/wp\/v2\/property_city?post=153686"},{"taxonomy":"property_area","embeddable":true,"href":"https:\/\/immopascual.com\/fr\/wp-json\/wp\/v2\/property_area?post=153686"}],"curies":[{"name":"wp","href":"https:\/\/api.w.org\/{rel}","templated":true}]}}

Domaine avec vue sur la mer Près du golf de Pula

<p>Vous cherchez un domaine proche du golf avec vue sur la mer, c&#8217;est votre chance. Ce domaine en construction sur un terrain d&#8217;environ 21 000 m2 vous offre les avantages des anciens projets, une surface construite de 545 m2 et une grande piscine d&#8217;environ 44 m2. La maison est répartie sur 3 étages, le sous-sol d&#8217;environ 160 m2 vous permettra de garer au moins deux voitures, d&#8217;y avoir une cave, une salle de sport, du rangement&#8230; Au premier étage, vous trouverez un grand hall d&#8217;entrée donnant sur le salon de 55 m2 avec la cuisine de 18 m2, vous permettant de profiter de la vue sur la mer en cuisinant. Le salon s&#8217;ouvre sur une terrasse avec un porche et une pergola devant la piscine, orientée sud-ouest pour profiter du soleil l&#8217;après-midi avec une vue fantastique. À gauche, il y a un studio avec un accès indépendant, des toilettes pour invités, 3 grandes chambres avec salle de bain. Au deuxième étage, il y a 4 chambres, dont la suite principale d&#8217;environ 40 m2 avec dressing et salle de bain, et une terrasse privée donnant sur la montagne. De l&#8217;autre côté, une autre suite un peu plus petite mais aussi avec une chambre de 20 m2, un dressing et une salle de bain attenante, et un accès à une terrasse privée avec vue sur le golf. Il y a un voisin à proximité mais n&#8217;a pas de vue sur le domaine, c&#8217;est un domaine privé facilement accessible. Nous finirons selon vos préférences, le prix inclut certaines qualités et un modèle de cuisine, mais tout cela peut être adapté, n&#8217;hésitez pas à nous demander les caractéristiques, nous serons ravis de vous informer. Notre entreprise bénéficie d&#8217;une expérience professionnelle d&#8217;environ 30 ans dans la région nord-est de Majorque, offrant des services immobiliers avec dévouement, transparence et connaissance du marché local. Il convient de noter que Gabriel Pascual Font est membre de l&#8217;Association des conseillers immobiliers des Baléares sous le numéro 1260, et est inscrit au Registre des agents immobiliers des îles Baléares (RAIIB) sous le numéro GOIBE787033/2024, répondant ainsi aux exigences légales et professionnelles pour exercer l&#8217;activité. Informations légales et transparence économique. </p>
<p>INFORMATIONS CONFORMES À L&#8217;ARTICLE 20 DU TRLGDCU Le prix de vente publié ne constitue pas une offre contraignante et n&#8217;inclut pas les frais et impôts liés à la vente. La vente est assujettie à la TVA DE 10 % DU PRIX. Notaire et enregistrement environ 3000 EUROS. FRAIS DE VENTE 315.000 EUROS. Les frais d&#8217;agence sont à la charge du vendeur sauf si les parties conviennent autrement. Le prix final, impôts inclus, peut dépendre de la situation fiscale de l&#8217;acheteur. L&#8217;impôt sur l&#8217;augmentation de la valeur du terrain urbain est à la charge du vendeur. Les impôts fonciers et la taxe sur les ordures seront calculés en fonction de la date d&#8217;achat.</p>

<p>Vous cherchez un domaine proche du golf avec vue sur la mer, c&#8217;est votre chance. Ce domaine en construction sur un terrain d&#8217;environ 21 000 m2 vous offre les avantages des anciens projets, une surface construite de 545 m2 et une grande piscine d&#8217;environ 44 m2. La maison est répartie sur 3 étages, le sous-sol [&hellip;]</p>
